Last updated on 2023-09-23 11:50:14 CEST.
Flavor | Version | Tinstall | Tcheck | Ttotal | Status | Flags |
---|---|---|---|---|---|---|
r-devel-linux-x86_64-debian-clang | 0.2.1 | 7.95 | 109.04 | 116.99 | OK | |
r-devel-linux-x86_64-debian-gcc | 0.2.1 | 7.32 | 82.19 | 89.51 | OK | |
r-devel-linux-x86_64-fedora-clang | 0.2.1 | 139.57 | NOTE | |||
r-devel-linux-x86_64-fedora-gcc | 0.2.1 | 153.42 | OK | |||
r-devel-windows-x86_64 | 0.2.1 | 11.00 | 98.00 | 109.00 | NOTE | |
r-patched-linux-x86_64 | 0.2.1 | 6.25 | 101.91 | 108.16 | OK | |
r-release-linux-x86_64 | 0.2.1 | 5.17 | 104.21 | 109.38 | OK | |
r-release-macos-arm64 | 0.2.1 | 54.00 | NOTE | |||
r-release-macos-x86_64 | 0.2.1 | 134.00 | NOTE | |||
r-release-windows-x86_64 | 0.2.1 | 12.00 | 115.00 | 127.00 | NOTE | |
r-oldrel-macos-arm64 | 0.2.1 | 47.00 | NOTE | |||
r-oldrel-macos-x86_64 | 0.2.1 | 62.00 | NOTE | |||
r-oldrel-windows-x86_64 | 0.2.1 | 12.00 | 120.00 | 132.00 | NOTE |
Version: 0.2.1
Check: installed package size
Result: NOTE
installed size is 6.6Mb
sub-directories of 1Mb or more:
doc 6.4Mb
Flavors: r-devel-linux-x86_64-fedora-clang, r-devel-windows-x86_64, r-release-macos-arm64, r-release-macos-x86_64, r-release-windows-x86_64, r-oldrel-macos-arm64, r-oldrel-macos-x86_64, r-oldrel-windows-x86_64