Last updated on 2024-04-23 10:54:00 CEST.
Flavor | Version | Tinstall | Tcheck | Ttotal | Status | Flags |
---|---|---|---|---|---|---|
r-devel-linux-x86_64-debian-clang | 1.1.7 | 0.64 | 1.99 | 2.63 | ERROR | |
r-devel-linux-x86_64-debian-gcc | 1.1.7 | 5.31 | 44.95 | 50.26 | OK | |
r-devel-linux-x86_64-fedora-clang | 1.1.7 | 93.79 | NOTE | |||
r-devel-linux-x86_64-fedora-gcc | 1.1.7 | 89.03 | NOTE | |||
r-prerel-macos-arm64 | 1.1.7 | 29.00 | NOTE | |||
r-prerel-macos-x86_64 | 1.1.7 | 55.00 | NOTE | |||
r-prerel-windows-x86_64 | 1.1.7 | 8.00 | 66.00 | 74.00 | OK | |
r-patched-linux-x86_64 | 1.1.7 | 5.98 | 61.46 | 67.44 | OK | |
r-release-linux-x86_64 | 1.1.7 | 5.92 | 62.19 | 68.11 | OK | |
r-release-macos-arm64 | 1.1.7 | 27.00 | NOTE | |||
r-release-macos-x86_64 | 1.1.7 | 73.00 | NOTE | |||
r-release-windows-x86_64 | 1.1.7 | 10.00 | 74.00 | 84.00 | NOTE | |
r-oldrel-macos-arm64 | 1.1.7 | 29.00 | NOTE | |||
r-oldrel-windows-x86_64 | 1.1.7 | 9.00 | 76.00 | 85.00 | NOTE |
Version: 1.1.7
Check: package dependencies
Result: ERROR
Packages required but not available:
'Biostrings', 'GenomicRanges', 'GenomeInfoDb', 'rtracklayer'
Package suggested but not available for checking: ‘BSgenome.Scerevisiae.UCSC.sacCer3’
See section ‘The DESCRIPTION file’ in the ‘Writing R Extensions’
manual.
Flavor: r-devel-linux-x86_64-debian-clang
Version: 1.1.7
Check: package dependencies
Result: NOTE
Package suggested but not available for checking: ‘BSgenome.Scerevisiae.UCSC.sacCer3’
Flavors: r-devel-linux-x86_64-fedora-clang, r-devel-linux-x86_64-fedora-gcc, r-prerel-macos-arm64, r-prerel-macos-x86_64, r-release-macos-arm64, r-release-macos-x86_64, r-release-windows-x86_64, r-oldrel-macos-arm64, r-oldrel-windows-x86_64
Version: 1.1.7
Check: dependencies in R code
Result: NOTE
Namespaces in Imports field not imported from:
‘DT’ ‘gbm’
All declared Imports should be used.
Flavors: r-devel-linux-x86_64-fedora-clang, r-devel-linux-x86_64-fedora-gcc