Last updated on 2022-06-30 11:53:05 CEST.
Flavor | Version | Tinstall | Tcheck | Ttotal | Status | Flags |
---|---|---|---|---|---|---|
r-devel-linux-x86_64-debian-clang | 1.0.0 | 9.61 | 66.05 | 75.66 | NOTE | |
r-devel-linux-x86_64-debian-gcc | 1.0.0 | 7.27 | 51.63 | 58.90 | NOTE | |
r-devel-linux-x86_64-fedora-clang | 1.0.0 | 100.62 | NOTE | |||
r-devel-linux-x86_64-fedora-gcc | 1.0.0 | 100.51 | NOTE | |||
r-devel-windows-x86_64 | 1.0.0 | 17.00 | 88.00 | 105.00 | NOTE | |
r-patched-linux-x86_64 | 1.0.0 | 9.35 | 66.48 | 75.83 | NOTE | |
r-release-linux-x86_64 | 1.0.0 | 8.37 | 65.67 | 74.04 | NOTE | |
r-release-macos-arm64 | 1.0.0 | 29.00 | NOTE | |||
r-release-macos-x86_64 | 1.0.0 | 43.00 | NOTE | |||
r-release-windows-x86_64 | 1.0.0 | 15.00 | 91.00 | 106.00 | NOTE | |
r-oldrel-macos-arm64 | 1.0.0 | 31.00 | NOTE | |||
r-oldrel-macos-x86_64 | 1.0.0 | 59.00 | NOTE | |||
r-oldrel-windows-ix86+x86_64 | 1.0.0 | 17.00 | 84.00 | 101.00 | NOTE |
Version: 1.0.0
Check: LazyData
Result: NOTE
'LazyData' is specified without a 'data' directory
Flavors: r-devel-linux-x86_64-debian-clang, r-devel-linux-x86_64-debian-gcc, r-devel-linux-x86_64-fedora-clang, r-devel-linux-x86_64-fedora-gcc, r-devel-windows-x86_64, r-patched-linux-x86_64, r-release-linux-x86_64, r-release-macos-arm64, r-release-macos-x86_64, r-release-windows-x86_64, r-oldrel-macos-arm64, r-oldrel-macos-x86_64, r-oldrel-windows-ix86+x86_64