Last updated on 2024-08-16 12:49:06 CEST.
Flavor | Version | Tinstall | Tcheck | Ttotal | Status | Flags |
---|---|---|---|---|---|---|
r-devel-linux-x86_64-debian-clang | 0.4.0 | 11.31 | 185.93 | 197.24 | WARN | |
r-devel-linux-x86_64-debian-gcc | 0.4.0 | 7.94 | 133.52 | 141.46 | WARN | |
r-devel-linux-x86_64-fedora-clang | 0.4.0 | 326.20 | WARN | |||
r-devel-linux-x86_64-fedora-gcc | 0.4.0 | 322.65 | WARN | |||
r-devel-windows-x86_64 | 0.4.0 | 13.00 | 175.00 | 188.00 | WARN | |
r-patched-linux-x86_64 | 0.4.0 | 10.77 | 175.93 | 186.70 | OK | |
r-release-linux-x86_64 | 0.4.0 | 10.74 | 177.32 | 188.06 | OK | |
r-release-macos-arm64 | 0.4.0 | 79.00 | OK | |||
r-release-macos-x86_64 | 0.4.0 | 121.00 | OK | |||
r-release-windows-x86_64 | 0.4.0 | 12.00 | 169.00 | 181.00 | OK | |
r-oldrel-macos-arm64 | 0.4.0 | 84.00 | OK | |||
r-oldrel-macos-x86_64 | 0.4.0 | 143.00 | OK | |||
r-oldrel-windows-x86_64 | 0.4.0 | 17.00 | 197.00 | 214.00 | OK |
Version: 0.4.0
Check: ‘build’ directory
Result: WARN
Source(s) listed in 'build/vignette.rds' but not in package:
‘Introduction.Rmd’
Flavors: r-devel-linux-x86_64-debian-clang, r-devel-linux-x86_64-debian-gcc, r-devel-linux-x86_64-fedora-clang, r-devel-linux-x86_64-fedora-gcc, r-devel-windows-x86_64