Last updated on 2023-09-27 12:02:45 CEST.
Flavor | Version | Tinstall | Tcheck | Ttotal | Status | Flags |
---|---|---|---|---|---|---|
r-devel-linux-x86_64-debian-clang | 0.6.0 | 9.31 | 452.75 | 462.06 | OK | |
r-devel-linux-x86_64-debian-gcc | 0.6.0 | 6.59 | 349.03 | 355.62 | OK | |
r-devel-linux-x86_64-fedora-clang | 0.6.0 | 548.14 | NOTE | |||
r-devel-linux-x86_64-fedora-gcc | 0.6.0 | 604.76 | OK | |||
r-devel-windows-x86_64 | 0.6.0 | 10.00 | 330.00 | 340.00 | NOTE | |
r-patched-linux-x86_64 | 0.6.0 | 8.14 | 437.21 | 445.35 | OK | |
r-release-linux-x86_64 | 0.6.0 | 8.97 | 431.29 | 440.26 | OK | |
r-release-macos-arm64 | 0.6.0 | 195.00 | NOTE | |||
r-release-macos-x86_64 | 0.6.0 | 346.00 | NOTE | |||
r-release-windows-x86_64 | 0.6.0 | 13.00 | 456.00 | 469.00 | NOTE | |
r-oldrel-macos-arm64 | 0.6.0 | 174.00 | NOTE | |||
r-oldrel-macos-x86_64 | 0.6.0 | 231.00 | NOTE | |||
r-oldrel-windows-x86_64 | 0.6.0 | 12.00 | 443.00 | 455.00 | NOTE |
Version: 0.6.0
Check: installed package size
Result: NOTE
installed size is 5.4Mb
sub-directories of 1Mb or more:
doc 5.1Mb
Flavors: r-devel-linux-x86_64-fedora-clang, r-devel-windows-x86_64, r-release-macos-arm64, r-release-macos-x86_64, r-release-windows-x86_64, r-oldrel-macos-arm64, r-oldrel-macos-x86_64, r-oldrel-windows-x86_64