Last updated on 2024-03-29 09:55:20 CET.
Flavor | Version | Tinstall | Tcheck | Ttotal | Status | Flags |
---|---|---|---|---|---|---|
r-devel-linux-x86_64-debian-clang | 1.0.2 | 5.30 | 47.52 | 52.82 | NOTE | |
r-devel-linux-x86_64-debian-gcc | 1.0.2 | 4.17 | 36.91 | 41.08 | NOTE | |
r-devel-linux-x86_64-fedora-clang | 1.0.2 | 64.78 | NOTE | |||
r-devel-linux-x86_64-fedora-gcc | 1.0.2 | 63.20 | NOTE | |||
r-devel-windows-x86_64 | 1.0.2 | 5.00 | 56.00 | 61.00 | NOTE | |
r-patched-linux-x86_64 | 1.0.2 | 5.19 | 47.59 | 52.78 | NOTE | |
r-release-linux-x86_64 | 1.0.2 | 4.44 | 46.59 | 51.03 | NOTE | |
r-release-macos-arm64 | 1.0.2 | 23.00 | NOTE | |||
r-release-macos-x86_64 | 1.0.2 | 32.00 | NOTE | |||
r-release-windows-x86_64 | 1.0.2 | 7.00 | 66.00 | 73.00 | NOTE | |
r-oldrel-macos-arm64 | 1.0.2 | 23.00 | NOTE | |||
r-oldrel-windows-x86_64 | 1.0.2 | 7.00 | 72.00 | 79.00 | NOTE |
Version: 1.0.2
Check: Rd files
Result: NOTE
checkRd: (-1) update_PACKAGES.Rd:35: Lost braces; missing escapes or markup?
35 | Type of packages: currently source \file{.tar.{gz,bz2,xz}} archives,
| ^
Flavors: r-devel-linux-x86_64-debian-clang, r-devel-linux-x86_64-debian-gcc, r-devel-linux-x86_64-fedora-clang, r-devel-linux-x86_64-fedora-gcc, r-devel-windows-x86_64, r-patched-linux-x86_64
Version: 1.0.2
Check: LazyData
Result: NOTE
'LazyData' is specified without a 'data' directory
Flavors: r-devel-linux-x86_64-debian-clang, r-devel-linux-x86_64-debian-gcc, r-devel-linux-x86_64-fedora-clang, r-devel-linux-x86_64-fedora-gcc, r-devel-windows-x86_64, r-patched-linux-x86_64, r-release-linux-x86_64, r-release-macos-arm64, r-release-macos-x86_64, r-release-windows-x86_64, r-oldrel-macos-arm64, r-oldrel-windows-x86_64