Last updated on 2023-09-22 12:56:24 CEST.
Flavor | Version | Tinstall | Tcheck | Ttotal | Status | Flags |
---|---|---|---|---|---|---|
r-devel-linux-x86_64-debian-clang | 0.2.3 | 105.93 | 116.40 | 222.33 | NOTE | |
r-devel-linux-x86_64-debian-gcc | 0.2.3 | 66.73 | 86.90 | 153.63 | NOTE | |
r-devel-linux-x86_64-fedora-clang | 0.2.3 | 305.48 | NOTE | |||
r-devel-linux-x86_64-fedora-gcc | 0.2.3 | 318.76 | NOTE | |||
r-devel-windows-x86_64 | 0.2.3 | 77.00 | 137.00 | 214.00 | NOTE | |
r-patched-linux-x86_64 | 0.2.3 | 93.60 | 112.94 | 206.54 | NOTE | |
r-release-linux-x86_64 | 0.2.3 | 83.74 | 111.89 | 195.63 | NOTE | |
r-release-macos-arm64 | 0.2.3 | 92.00 | NOTE | |||
r-release-macos-x86_64 | 0.2.3 | 140.00 | NOTE | |||
r-release-windows-x86_64 | 0.2.3 | 102.00 | 160.00 | 262.00 | NOTE | |
r-oldrel-macos-arm64 | 0.2.3 | 68.00 | OK | |||
r-oldrel-macos-x86_64 | 0.2.3 | 114.00 | OK | |||
r-oldrel-windows-x86_64 | 0.2.3 | 98.00 | 150.00 | 248.00 | OK |
Version: 0.2.3
Check: C++ specification
Result: NOTE
Specified C++11: please drop specification unless essential
Flavors: r-devel-linux-x86_64-debian-clang, r-devel-linux-x86_64-debian-gcc, r-devel-linux-x86_64-fedora-clang, r-devel-linux-x86_64-fedora-gcc, r-patched-linux-x86_64, r-release-linux-x86_64, r-release-macos-arm64, r-release-macos-x86_64
Version: 0.2.3
Check: package subdirectories
Result: NOTE
Problems with news in ‘NEWS.md’:
Cannot extract version info from the following section titles:
Non-visible changes:
Flavors: r-devel-linux-x86_64-debian-clang, r-devel-linux-x86_64-debian-gcc, r-devel-linux-x86_64-fedora-clang, r-devel-linux-x86_64-fedora-gcc, r-devel-windows-x86_64, r-patched-linux-x86_64, r-release-linux-x86_64, r-release-macos-arm64, r-release-macos-x86_64, r-release-windows-x86_64