Last updated on 2024-03-27 10:09:22 CET.
Flavor | Version | Tinstall | Tcheck | Ttotal | Status | Flags |
---|---|---|---|---|---|---|
r-devel-linux-x86_64-debian-clang | 1.0.6 | 38.47 | 110.06 | 148.53 | NOTE | |
r-devel-linux-x86_64-debian-gcc | 1.0.6 | 26.67 | 83.59 | 110.26 | NOTE | |
r-devel-linux-x86_64-fedora-clang | 1.0.6 | 198.57 | NOTE | |||
r-devel-linux-x86_64-fedora-gcc | 1.0.6 | 196.41 | NOTE | |||
r-devel-windows-x86_64 | 1.0.6 | 30.00 | 153.00 | 183.00 | NOTE | |
r-patched-linux-x86_64 | 1.0.6 | 25.44 | 104.93 | 130.37 | NOTE | |
r-release-linux-x86_64 | 1.0.6 | 24.25 | 106.42 | 130.67 | NOTE | |
r-release-macos-arm64 | 1.0.6 | 65.00 | NOTE | |||
r-release-macos-x86_64 | 1.0.6 | 116.00 | NOTE | |||
r-release-windows-x86_64 | 1.0.6 | 36.00 | 160.00 | 196.00 | NOTE | |
r-oldrel-macos-arm64 | 1.0.6 | 52.00 | OK | |||
r-oldrel-windows-x86_64 | 1.0.6 | 40.00 | 171.00 | 211.00 | OK |
Version: 1.0.6
Check: C++ specification
Result: NOTE
Specified C++14: please drop specification unless essential
Flavors: r-devel-linux-x86_64-debian-clang, r-devel-linux-x86_64-debian-gcc, r-devel-linux-x86_64-fedora-clang, r-devel-linux-x86_64-fedora-gcc, r-devel-windows-x86_64, r-patched-linux-x86_64, r-release-linux-x86_64, r-release-macos-arm64, r-release-macos-x86_64, r-release-windows-x86_64