CRAN Package Check Results for Package cpa

Last updated on 2025-04-29 12:52:33 CEST.

Flavor Version Tinstall Tcheck Ttotal Status Flags
r-devel-linux-x86_64-debian-clang 1.0.1 2.40 21.56 23.96 NOTE
r-devel-linux-x86_64-debian-gcc 1.0.1 1.90 17.68 19.58 NOTE
r-devel-linux-x86_64-fedora-clang 1.0.1 37.76 OK
r-devel-linux-x86_64-fedora-gcc 1.0.1 36.98 OK
r-devel-windows-x86_64 1.0.1 3.00 49.00 52.00 OK
r-patched-linux-x86_64 1.0.1 2.32 20.81 23.13 OK
r-release-linux-x86_64 1.0.1 2.33 20.38 22.71 OK
r-release-macos-arm64 1.0.1 22.00 OK
r-release-macos-x86_64 1.0.1 32.00 OK
r-release-windows-x86_64 1.0.1 3.00 51.00 54.00 OK
r-oldrel-macos-arm64 1.0.1 19.00 OK
r-oldrel-macos-x86_64 1.0.1 29.00 OK
r-oldrel-windows-x86_64 1.0.1 3.00 51.00 54.00 OK

Check Details

Version: 1.0.1
Check: CRAN incoming feasibility
Result: NOTE Maintainer: ‘Alessandro Bellino <alessandro_bellino@gmx.com>’ Package CITATION file contains call(s) to old-style personList() or as.personList(). Please use c() on person objects instead. Package CITATION file contains call(s) to old-style citEntry(). Please use bibentry() instead. Flavors: r-devel-linux-x86_64-debian-clang, r-devel-linux-x86_64-debian-gcc