Last updated on 2024-08-16 12:49:06 CEST.
Flavor | Version | Tinstall | Tcheck | Ttotal | Status | Flags |
---|---|---|---|---|---|---|
r-devel-linux-x86_64-debian-clang | 1.0.3 | 25.64 | 139.82 | 165.46 | NOTE | |
r-devel-linux-x86_64-debian-gcc | 1.0.3 | 22.90 | 101.43 | 124.33 | NOTE | |
r-devel-linux-x86_64-fedora-clang | 1.0.3 | 284.84 | NOTE | |||
r-devel-linux-x86_64-fedora-gcc | 1.0.3 | 290.69 | NOTE | |||
r-devel-windows-x86_64 | 1.0.3 | 33.00 | 162.00 | 195.00 | NOTE | |
r-patched-linux-x86_64 | 1.0.3 | 30.17 | 130.74 | 160.91 | NOTE | |
r-release-linux-x86_64 | 1.0.3 | 28.57 | 133.48 | 162.05 | NOTE | |
r-release-macos-arm64 | 1.0.3 | 85.00 | NOTE | |||
r-release-macos-x86_64 | 1.0.3 | 138.00 | NOTE | |||
r-release-windows-x86_64 | 1.0.3 | 34.00 | 162.00 | 196.00 | NOTE | |
r-oldrel-macos-arm64 | 1.0.3 | 93.00 | NOTE | |||
r-oldrel-macos-x86_64 | 1.0.3 | 167.00 | NOTE | |||
r-oldrel-windows-x86_64 | 1.0.3 | 41.00 | 193.00 | 234.00 | NOTE |
Version: 1.0.3
Check: C++ specification
Result: NOTE
Specified C++11: please drop specification unless essential
Flavors: r-devel-linux-x86_64-debian-clang, r-devel-linux-x86_64-debian-gcc, r-devel-linux-x86_64-fedora-clang, r-devel-linux-x86_64-fedora-gcc, r-devel-windows-x86_64, r-patched-linux-x86_64, r-release-linux-x86_64, r-release-macos-arm64, r-release-macos-x86_64, r-release-windows-x86_64, r-oldrel-macos-arm64, r-oldrel-macos-x86_64, r-oldrel-windows-x86_64
Version: 1.0.3
Check: Rd files
Result: NOTE
checkRd: (-1) coxph.RT.Rd:57: Lost braces in \itemize; \value handles \item{}{} directly
checkRd: (-1) coxph.RT.Rd:58: Lost braces in \itemize; \value handles \item{}{} directly
checkRd: (-1) coxph.RT.Rd:59-71: Lost braces in \itemize; \value handles \item{}{} directly
Flavors: r-devel-linux-x86_64-debian-clang, r-devel-linux-x86_64-debian-gcc, r-devel-linux-x86_64-fedora-clang, r-devel-linux-x86_64-fedora-gcc, r-devel-windows-x86_64, r-patched-linux-x86_64, r-release-linux-x86_64, r-release-macos-arm64, r-release-macos-x86_64, r-release-windows-x86_64
Version: 1.0.3
Check: LazyData
Result: NOTE
'LazyData' is specified without a 'data' directory
Flavors: r-devel-linux-x86_64-debian-clang, r-devel-linux-x86_64-debian-gcc, r-devel-linux-x86_64-fedora-clang, r-devel-linux-x86_64-fedora-gcc, r-devel-windows-x86_64, r-patched-linux-x86_64, r-release-linux-x86_64, r-release-macos-arm64, r-release-macos-x86_64, r-release-windows-x86_64, r-oldrel-macos-arm64, r-oldrel-macos-x86_64, r-oldrel-windows-x86_64