CRAN Package Check Results for Package coxrt

Last updated on 2023-09-29 12:56:54 CEST.

Flavor Version Tinstall Tcheck Ttotal Status Flags
r-devel-linux-x86_64-debian-clang 1.0.3 46.70 184.27 230.97 NOTE
r-devel-linux-x86_64-debian-gcc 1.0.3 32.48 136.15 168.63 NOTE
r-devel-linux-x86_64-fedora-clang 1.0.3 287.83 NOTE
r-devel-linux-x86_64-fedora-gcc 1.0.3 309.63 NOTE
r-devel-windows-x86_64 1.0.3 37.00 167.00 204.00 NOTE
r-patched-linux-x86_64 1.0.3 46.63 178.32 224.95 NOTE
r-release-linux-x86_64 1.0.3 48.28 177.08 225.36 NOTE
r-release-macos-arm64 1.0.3 93.00 NOTE
r-release-macos-x86_64 1.0.3 167.00 NOTE
r-release-windows-x86_64 1.0.3 47.00 211.00 258.00 NOTE
r-oldrel-macos-arm64 1.0.3 81.00 NOTE
r-oldrel-macos-x86_64 1.0.3 147.00 NOTE
r-oldrel-windows-x86_64 1.0.3 46.00 199.00 245.00 NOTE

Check Details

Version: 1.0.3
Check: C++ specification
Result: NOTE
     Specified C++11: please drop specification unless essential
Flavors: r-devel-linux-x86_64-debian-clang, r-devel-linux-x86_64-debian-gcc, r-devel-linux-x86_64-fedora-clang, r-devel-linux-x86_64-fedora-gcc, r-devel-windows-x86_64, r-patched-linux-x86_64, r-release-linux-x86_64, r-release-macos-arm64, r-release-macos-x86_64, r-release-windows-x86_64

Version: 1.0.3
Check: LazyData
Result: NOTE
     'LazyData' is specified without a 'data' directory
Flavors: r-devel-linux-x86_64-debian-clang, r-devel-linux-x86_64-debian-gcc, r-devel-linux-x86_64-fedora-clang, r-devel-linux-x86_64-fedora-gcc, r-devel-windows-x86_64, r-patched-linux-x86_64, r-release-linux-x86_64, r-release-macos-arm64, r-release-macos-x86_64, r-release-windows-x86_64, r-oldrel-macos-arm64, r-oldrel-macos-x86_64, r-oldrel-windows-x86_64