CRAN Package Check Results for Package cowplot

Last updated on 2022-12-03 12:57:13 CET.

Flavor Version Tinstall Tcheck Ttotal Status Flags
r-devel-linux-x86_64-debian-clang 1.1.1 7.39 135.11 142.50 NOTE
r-devel-linux-x86_64-debian-gcc 1.1.1 5.34 96.95 102.29 NOTE
r-devel-linux-x86_64-fedora-clang 1.1.1 185.37 NOTE
r-devel-linux-x86_64-fedora-gcc 1.1.1 188.54 NOTE
r-devel-windows-x86_64 1.1.1 60.00 170.00 230.00 NOTE
r-patched-linux-x86_64 1.1.1 11.24 119.18 130.42 NOTE
r-release-linux-x86_64 1.1.1 7.86 121.29 129.15 NOTE
r-release-macos-arm64 1.1.1 44.00 NOTE
r-release-macos-x86_64 1.1.1 65.00 NOTE
r-release-windows-x86_64 1.1.1 87.00 172.00 259.00 NOTE
r-oldrel-macos-arm64 1.1.1 60.00 NOTE
r-oldrel-macos-x86_64 1.1.1 87.00 NOTE
r-oldrel-windows-ix86+x86_64 1.1.1 16.00 169.00 185.00 NOTE

Check Details

Version: 1.1.1
Check: LazyData
Result: NOTE
     'LazyData' is specified without a 'data' directory
Flavors: r-devel-linux-x86_64-debian-clang, r-devel-linux-x86_64-debian-gcc, r-devel-linux-x86_64-fedora-clang, r-devel-linux-x86_64-fedora-gcc, r-devel-windows-x86_64, r-patched-linux-x86_64, r-release-linux-x86_64, r-release-macos-arm64, r-release-macos-x86_64, r-release-windows-x86_64, r-oldrel-macos-arm64, r-oldrel-macos-x86_64, r-oldrel-windows-ix86+x86_64