Last updated on 2024-04-18 12:52:40 CEST.
Flavor | Version | Tinstall | Tcheck | Ttotal | Status | Flags |
---|---|---|---|---|---|---|
r-devel-linux-x86_64-debian-clang | 1.1.3 | 8.35 | 130.39 | 138.74 | OK | |
r-devel-linux-x86_64-debian-gcc | 1.1.3 | 5.68 | 94.09 | 99.77 | OK | |
r-devel-linux-x86_64-fedora-clang | 1.1.3 | 165.32 | OK | |||
r-devel-linux-x86_64-fedora-gcc | 1.1.3 | 168.28 | OK | |||
r-prerel-macos-arm64 | 1.1.3 | 60.00 | NOTE | |||
r-prerel-macos-x86_64 | 1.1.3 | 95.00 | OK | |||
r-prerel-windows-x86_64 | 1.1.3 | 9.00 | 110.00 | 119.00 | OK | |
r-patched-linux-x86_64 | 1.1.3 | 12.54 | 122.67 | 135.21 | OK | |
r-release-linux-x86_64 | 1.1.3 | 6.19 | 122.22 | 128.41 | OK | |
r-release-macos-arm64 | 1.1.3 | 53.00 | OK | |||
r-release-macos-x86_64 | 1.1.3 | 107.00 | OK | |||
r-release-windows-x86_64 | 1.1.3 | 11.00 | 134.00 | 145.00 | OK | |
r-oldrel-macos-arm64 | 1.1.3 | 56.00 | OK | |||
r-oldrel-windows-x86_64 | 1.1.3 | 11.00 | 127.00 | 138.00 | OK |
Version: 1.1.3
Check: package dependencies
Result: NOTE
Package suggested but not available for checking: ‘testthat’
Flavor: r-prerel-macos-arm64