CRAN Package Check Results for Package covr

Last updated on 2022-05-26 10:53:56 CEST.

Flavor Version Tinstall Tcheck Ttotal Status Flags
r-devel-linux-x86_64-debian-clang 3.5.1 6.19 135.88 142.07 NOTE
r-devel-linux-x86_64-debian-gcc 3.5.1 4.86 119.38 124.24 NOTE
r-devel-linux-x86_64-fedora-clang 3.5.1 170.85 NOTE
r-devel-linux-x86_64-fedora-gcc 3.5.1 195.51 NOTE
r-devel-windows-x86_64 3.5.1 68.00 247.00 315.00 NOTE
r-patched-linux-x86_64 3.5.1 5.87 133.28 139.15 NOTE
r-release-linux-x86_64 3.5.1 NOTE
r-release-macos-arm64 3.5.1 71.00 NOTE
r-release-macos-x86_64 3.5.1 113.00 NOTE
r-release-windows-x86_64 3.5.1 73.00 253.00 326.00 NOTE
r-oldrel-macos-arm64 3.5.1 113.00 NOTE
r-oldrel-macos-x86_64 3.5.1 159.00 NOTE
r-oldrel-windows-ix86+x86_64 3.5.1 14.00 350.00 364.00 NOTE

Check Details

Version: 3.5.1
Check: LazyData
Result: NOTE
     'LazyData' is specified without a 'data' directory
Flavors: r-devel-linux-x86_64-debian-clang, r-devel-linux-x86_64-debian-gcc, r-devel-linux-x86_64-fedora-clang, r-devel-linux-x86_64-fedora-gcc, r-devel-windows-x86_64, r-patched-linux-x86_64, r-release-linux-x86_64, r-release-macos-arm64, r-release-macos-x86_64, r-release-windows-x86_64, r-oldrel-macos-arm64, r-oldrel-macos-x86_64, r-oldrel-windows-ix86+x86_64