Last updated on 2024-03-28 09:51:39 CET.
Flavor | Version | Tinstall | Tcheck | Ttotal | Status | Flags |
---|---|---|---|---|---|---|
r-devel-linux-x86_64-debian-clang | 0.5.2 | 8.60 | 196.74 | 205.34 | OK | |
r-devel-linux-x86_64-debian-gcc | 0.5.2 | 5.71 | 145.87 | 151.58 | OK | |
r-devel-linux-x86_64-fedora-clang | 0.5.2 | 235.87 | NOTE | |||
r-devel-linux-x86_64-fedora-gcc | 0.5.2 | 250.11 | NOTE | |||
r-devel-windows-x86_64 | 0.5.2 | 9.00 | 182.00 | 191.00 | OK | |
r-patched-linux-x86_64 | 0.5.2 | 7.59 | 188.75 | 196.34 | OK | |
r-release-linux-x86_64 | 0.5.2 | 6.29 | 186.90 | 193.19 | OK | |
r-release-macos-arm64 | 0.5.2 | 95.00 | OK | |||
r-release-macos-x86_64 | 0.5.2 | 200.00 | OK | |||
r-release-windows-x86_64 | 0.5.2 | 11.00 | 227.00 | 238.00 | OK | |
r-oldrel-macos-arm64 | 0.5.2 | 82.00 | OK | |||
r-oldrel-windows-x86_64 | 0.5.2 | 13.00 | 224.00 | 237.00 | OK |
Version: 0.5.2
Check: data for non-ASCII characters
Result: NOTE
Note: found 20 marked UTF-8 strings
Flavors: r-devel-linux-x86_64-fedora-clang, r-devel-linux-x86_64-fedora-gcc