CRAN Package Check Results for Package covid19sf

Last updated on 2022-06-26 11:52:29 CEST.

Flavor Version Tinstall Tcheck Ttotal Status Flags
r-devel-linux-x86_64-debian-clang 0.1.2 5.55 36.66 42.21 OK
r-devel-linux-x86_64-debian-gcc 0.1.2 4.57 29.43 34.00 OK
r-devel-linux-x86_64-fedora-clang 0.1.2 61.86 NOTE
r-devel-linux-x86_64-fedora-gcc 0.1.2 60.12 NOTE
r-devel-windows-x86_64 0.1.2 27.00 71.00 98.00 OK
r-patched-linux-x86_64 0.1.2 3.89 35.86 39.75 OK
r-release-linux-x86_64 0.1.2 4.50 36.32 40.82 OK
r-release-macos-arm64 0.1.2 23.00 NOTE
r-release-macos-x86_64 0.1.2 40.00 NOTE
r-release-windows-x86_64 0.1.2 37.00 70.00 107.00 OK
r-oldrel-macos-arm64 0.1.2 25.00 NOTE
r-oldrel-macos-x86_64 0.1.2 32.00 NOTE
r-oldrel-windows-ix86+x86_64 0.1.2 12.00 62.00 74.00 OK

Check Details

Version: 0.1.2
Check: dependencies in R code
Result: NOTE
    Namespaces in Imports field not imported from:
     ‘mapview’ ‘plotly’
     All declared Imports should be used.
Flavors: r-devel-linux-x86_64-fedora-clang, r-devel-linux-x86_64-fedora-gcc, r-release-macos-arm64, r-release-macos-x86_64, r-oldrel-macos-arm64, r-oldrel-macos-x86_64