CRAN Package Check Results for Package covid19india

Last updated on 2022-06-27 11:50:40 CEST.

Flavor Version Tinstall Tcheck Ttotal Status Flags
r-devel-linux-x86_64-debian-clang 0.1.4 16.49 125.80 142.29 OK
r-devel-linux-x86_64-debian-gcc 0.1.4 13.06 92.47 105.53 OK
r-devel-linux-x86_64-fedora-clang 0.1.4 176.98 NOTE
r-devel-linux-x86_64-fedora-gcc 0.1.4 175.80 NOTE
r-devel-windows-x86_64 0.1.4 45.00 143.00 188.00 OK
r-patched-linux-x86_64 0.1.4 14.91 120.35 135.26 OK
r-release-linux-x86_64 0.1.4 11.09 117.61 128.70 OK
r-release-macos-arm64 0.1.4 49.00 NOTE
r-release-macos-x86_64 0.1.4 88.00 NOTE
r-release-windows-x86_64 0.1.4 43.00 145.00 188.00 OK
r-oldrel-macos-arm64 0.1.4 50.00 NOTE
r-oldrel-macos-x86_64 0.1.4 63.00 NOTE
r-oldrel-windows-ix86+x86_64 0.1.4 36.00 141.00 177.00 OK

Check Details

Version: 0.1.4
Check: dependencies in R code
Result: NOTE
    Namespaces in Imports field not imported from:
     ‘httr’ ‘stringr’
     All declared Imports should be used.
Flavors: r-devel-linux-x86_64-fedora-clang, r-devel-linux-x86_64-fedora-gcc, r-release-macos-arm64, r-release-macos-x86_64, r-oldrel-macos-arm64, r-oldrel-macos-x86_64