Last updated on 2024-04-24 11:20:47 CEST.
Flavor | Version | Tinstall | Tcheck | Ttotal | Status | Flags |
---|---|---|---|---|---|---|
r-devel-linux-x86_64-debian-clang | 0.1.0 | 67.26 | 53.63 | 120.89 | OK | |
r-devel-linux-x86_64-debian-gcc | 0.1.0 | 67.61 | 43.66 | 111.27 | OK | |
r-devel-linux-x86_64-fedora-clang | 0.1.0 | 177.99 | NOTE | |||
r-devel-linux-x86_64-fedora-gcc | 0.1.0 | 175.29 | NOTE | |||
r-devel-windows-x86_64 | 0.1.0 | 66.00 | 61.00 | 127.00 | OK | |
r-patched-linux-x86_64 | 0.1.0 | 57.75 | 51.95 | 109.70 | OK | |
r-release-linux-x86_64 | 0.1.0 | 54.64 | 52.34 | 106.98 | OK | |
r-release-macos-arm64 | 0.1.0 | 81.00 | NOTE | |||
r-release-windows-x86_64 | 0.1.0 | 65.00 | 61.00 | 126.00 | OK | |
r-oldrel-macos-arm64 | 0.1.0 | 84.00 | NOTE | |||
r-oldrel-macos-x86_64 | 0.1.0 | 115.00 | NOTE | |||
r-oldrel-windows-x86_64 | 0.1.0 | 87.00 | 79.00 | 166.00 | OK |
Version: 0.1.0
Check: data for non-ASCII characters
Result: NOTE
Note: found 1934235 marked UTF-8 strings
Flavors: r-devel-linux-x86_64-fedora-clang, r-devel-linux-x86_64-fedora-gcc, r-oldrel-macos-arm64
Version: 0.1.0
Check: installed package size
Result: NOTE
installed size is 5.2Mb
sub-directories of 1Mb or more:
data 5.1Mb
Flavors: r-release-macos-arm64, r-oldrel-macos-arm64, r-oldrel-macos-x86_64