Last updated on 2023-04-01 13:52:43 CEST.
Flavor | Version | Tinstall | Tcheck | Ttotal | Status | Flags |
---|---|---|---|---|---|---|
r-devel-linux-x86_64-debian-clang | 1.0.1 | 45.74 | 272.23 | 317.97 | NOTE | |
r-devel-linux-x86_64-debian-gcc | 1.0.1 | 33.82 | 216.04 | 249.86 | NOTE | |
r-devel-linux-x86_64-fedora-clang | 1.0.1 | 291.47 | NOTE | |||
r-devel-linux-x86_64-fedora-gcc | 1.0.1 | 269.27 | NOTE | |||
r-devel-windows-x86_64 | 1.0.1 | 50.00 | 171.00 | 221.00 | NOTE | |
r-patched-linux-x86_64 | 1.0.1 | 36.16 | 231.66 | 267.82 | NOTE | |
r-release-linux-x86_64 | 1.0.1 | 33.16 | 237.29 | 270.45 | OK | |
r-release-macos-arm64 | 1.0.1 | 61.00 | OK | |||
r-release-macos-x86_64 | 1.0.1 | 71.00 | OK | |||
r-release-windows-x86_64 | 1.0.1 | 50.00 | 176.00 | 226.00 | OK | |
r-oldrel-macos-arm64 | 1.0.1 | 58.00 | OK | |||
r-oldrel-macos-x86_64 | 1.0.1 | 80.00 | OK | |||
r-oldrel-windows-ix86+x86_64 | 1.0.1 | 105.00 | 269.00 | 374.00 | OK |
Version: 1.0.1
Check: C++ specification
Result: NOTE
Specified C++11: please drop specification unless essential
Flavors: r-devel-linux-x86_64-debian-clang, r-devel-linux-x86_64-debian-gcc, r-devel-linux-x86_64-fedora-clang, r-devel-linux-x86_64-fedora-gcc, r-devel-windows-x86_64, r-patched-linux-x86_64