Last updated on 2024-04-24 11:20:47 CEST.
Flavor | Version | Tinstall | Tcheck | Ttotal | Status | Flags |
---|---|---|---|---|---|---|
r-devel-linux-x86_64-debian-clang | 0.1.0 | 3.37 | 53.19 | 56.56 | OK | |
r-devel-linux-x86_64-debian-gcc | 0.1.0 | 2.87 | 41.88 | 44.75 | OK | |
r-devel-linux-x86_64-fedora-clang | 0.1.0 | 72.86 | NOTE | |||
r-devel-linux-x86_64-fedora-gcc | 0.1.0 | 87.34 | NOTE | |||
r-devel-windows-x86_64 | 0.1.0 | 6.00 | 82.00 | 88.00 | OK | |
r-patched-linux-x86_64 | 0.1.0 | 3.82 | 51.47 | 55.29 | OK | |
r-release-linux-x86_64 | 0.1.0 | 3.78 | 50.87 | 54.65 | OK | |
r-release-macos-arm64 | 0.1.0 | 40.00 | OK | |||
r-release-windows-x86_64 | 0.1.0 | 5.00 | 83.00 | 88.00 | OK | |
r-oldrel-macos-arm64 | 0.1.0 | 35.00 | OK | |||
r-oldrel-macos-x86_64 | 0.1.0 | 63.00 | OK | |||
r-oldrel-windows-x86_64 | 0.1.0 | 6.00 | 94.00 | 100.00 | OK |
Version: 0.1.0
Check: compiled code
Result: NOTE
File ‘covBM/libs/covBM.so’:
Found no calls to: ‘R_registerRoutines’, ‘R_useDynamicSymbols’
It is good practice to register native routines and to disable symbol
search.
See ‘Writing portable packages’ in the ‘Writing R Extensions’ manual.
Flavors: r-devel-linux-x86_64-fedora-clang, r-devel-linux-x86_64-fedora-gcc