Last updated on 2024-03-28 09:51:39 CET.
Flavor | Version | Tinstall | Tcheck | Ttotal | Status | Flags |
---|---|---|---|---|---|---|
r-devel-linux-x86_64-debian-clang | 1.2.4 | 7.94 | 66.47 | 74.41 | OK | |
r-devel-linux-x86_64-debian-gcc | 1.2.4 | 5.54 | 49.47 | 55.01 | OK | |
r-devel-linux-x86_64-fedora-clang | 1.2.4 | 89.14 | NOTE | |||
r-devel-linux-x86_64-fedora-gcc | 1.2.4 | 100.18 | NOTE | |||
r-devel-windows-x86_64 | 1.2.4 | 7.00 | 75.00 | 82.00 | OK | |
r-patched-linux-x86_64 | 1.2.4 | 7.17 | 63.87 | 71.04 | OK | |
r-release-linux-x86_64 | 1.2.4 | 6.71 | 63.20 | 69.91 | OK | |
r-release-macos-arm64 | 1.2.4 | 41.00 | OK | |||
r-release-macos-x86_64 | 1.2.4 | 66.00 | OK | |||
r-release-windows-x86_64 | 1.2.4 | 9.00 | 85.00 | 94.00 | OK | |
r-oldrel-macos-arm64 | 1.2.4 | 38.00 | OK | |||
r-oldrel-windows-x86_64 | 1.2.4 | 10.00 | 88.00 | 98.00 | OK |
Version: 1.2.4
Check: dependencies in R code
Result: NOTE
Namespaces in Imports field not imported from:
‘knitr’ ‘rmarkdown’
All declared Imports should be used.
Flavors: r-devel-linux-x86_64-fedora-clang, r-devel-linux-x86_64-fedora-gcc