Last updated on 2024-04-18 12:52:40 CEST.
Flavor | Version | Tinstall | Tcheck | Ttotal | Status | Flags |
---|---|---|---|---|---|---|
r-devel-linux-x86_64-debian-clang | 0.7.4 | 9.12 | 185.60 | 194.72 | OK | |
r-devel-linux-x86_64-debian-gcc | 0.7.4 | 7.54 | 130.12 | 137.66 | OK | |
r-devel-linux-x86_64-fedora-clang | 0.7.4 | 230.74 | NOTE | |||
r-devel-linux-x86_64-fedora-gcc | 0.7.4 | 235.71 | OK | |||
r-prerel-macos-arm64 | 0.7.4 | 67.00 | NOTE | |||
r-prerel-windows-x86_64 | 0.7.4 | 10.00 | 154.00 | 164.00 | NOTE | |
r-patched-linux-x86_64 | 0.7.4 | 6.58 | 169.72 | 176.30 | OK | |
r-release-linux-x86_64 | 0.7.4 | 8.02 | 172.21 | 180.23 | OK | |
r-release-macos-arm64 | 0.7.4 | 72.00 | NOTE | |||
r-release-macos-x86_64 | 0.7.4 | 145.00 | NOTE | |||
r-release-windows-x86_64 | 0.7.4 | 8.00 | 190.00 | 198.00 | NOTE | |
r-oldrel-macos-arm64 | 0.7.4 | 66.00 | NOTE | |||
r-oldrel-windows-x86_64 | 0.7.4 | 11.00 | 205.00 | 216.00 | NOTE |
Version: 0.7.4
Check: installed package size
Result: NOTE
installed size is 18.0Mb
sub-directories of 1Mb or more:
extdata 17.8Mb
Flavors: r-devel-linux-x86_64-fedora-clang, r-prerel-macos-arm64, r-prerel-windows-x86_64, r-release-macos-arm64, r-release-macos-x86_64, r-release-windows-x86_64, r-oldrel-macos-arm64, r-oldrel-windows-x86_64