Last updated on 2022-06-29 11:52:06 CEST.
Flavor | Version | Tinstall | Tcheck | Ttotal | Status | Flags |
---|---|---|---|---|---|---|
r-devel-linux-x86_64-debian-clang | 0.2.0 | 15.83 | 182.62 | 198.45 | OK | |
r-devel-linux-x86_64-debian-gcc | 0.2.0 | 13.65 | 138.02 | 151.67 | OK | |
r-devel-linux-x86_64-fedora-clang | 0.2.0 | 246.91 | NOTE | |||
r-devel-linux-x86_64-fedora-gcc | 0.2.0 | 242.19 | NOTE | |||
r-devel-windows-x86_64 | 0.2.0 | 56.00 | 208.00 | 264.00 | OK | |
r-patched-linux-x86_64 | 0.2.0 | 15.26 | 172.75 | 188.01 | OK | |
r-release-linux-x86_64 | 0.2.0 | 14.03 | 174.65 | 188.68 | OK | |
r-release-macos-arm64 | 0.2.0 | 74.00 | NOTE | |||
r-release-macos-x86_64 | 0.2.0 | 127.00 | NOTE | |||
r-release-windows-x86_64 | 0.2.0 | 86.00 | 206.00 | 292.00 | OK | |
r-oldrel-macos-arm64 | 0.2.0 | 105.00 | NOTE | |||
r-oldrel-macos-x86_64 | 0.2.0 | 121.00 | NOTE | |||
r-oldrel-windows-ix86+x86_64 | 0.2.0 | 37.00 | 219.00 | 256.00 | OK |
Version: 0.2.0
Check: dependencies in R code
Result: NOTE
Namespace in Imports field not imported from: ‘utils’
All declared Imports should be used.
Flavors: r-devel-linux-x86_64-fedora-clang, r-devel-linux-x86_64-fedora-gcc, r-release-macos-arm64, r-release-macos-x86_64, r-oldrel-macos-arm64, r-oldrel-macos-x86_64