Last updated on 2022-06-28 12:52:21 CEST.
Flavor | Version | Tinstall | Tcheck | Ttotal | Status | Flags |
---|---|---|---|---|---|---|
r-devel-linux-x86_64-debian-clang | 1.2.1 | 26.15 | 75.60 | 101.75 | NOTE | |
r-devel-linux-x86_64-debian-gcc | 1.2.1 | 20.13 | 62.09 | 82.22 | NOTE | |
r-devel-linux-x86_64-fedora-clang | 1.2.1 | 145.96 | NOTE | |||
r-devel-linux-x86_64-fedora-gcc | 1.2.1 | 146.30 | NOTE | |||
r-patched-linux-x86_64 | 1.2.1 | 20.97 | 77.54 | 98.51 | NOTE | |
r-release-linux-x86_64 | 1.2.1 | 20.88 | 76.38 | 97.26 | NOTE | |
r-release-macos-arm64 | 1.2.1 | 46.00 | NOTE | |||
r-release-macos-x86_64 | 1.2.1 | 64.00 | NOTE | |||
r-oldrel-macos-arm64 | 1.2.1 | 56.00 | NOTE | |||
r-oldrel-macos-x86_64 | 1.2.1 | 97.00 | NOTE |
Version: 1.2.1
Check: LazyData
Result: NOTE
'LazyData' is specified without a 'data' directory
Flavors: r-devel-linux-x86_64-debian-clang, r-devel-linux-x86_64-debian-gcc, r-devel-linux-x86_64-fedora-clang, r-devel-linux-x86_64-fedora-gcc, r-patched-linux-x86_64, r-release-linux-x86_64, r-release-macos-arm64, r-release-macos-x86_64, r-oldrel-macos-arm64, r-oldrel-macos-x86_64
Version: 1.2.1
Check: dependencies in R code
Result: NOTE
Namespace in Imports field not imported from: ‘data.table’
All declared Imports should be used.
Flavors: r-devel-linux-x86_64-fedora-clang, r-devel-linux-x86_64-fedora-gcc, r-release-macos-arm64, r-release-macos-x86_64, r-oldrel-macos-arm64, r-oldrel-macos-x86_64
Version: 1.2.1
Check: installed package size
Result: NOTE
installed size is 5.1Mb
sub-directories of 1Mb or more:
extdata 3.8Mb
Flavors: r-release-macos-arm64, r-release-macos-x86_64, r-oldrel-macos-arm64, r-oldrel-macos-x86_64