Last updated on 2023-01-27 11:49:24 CET.
Flavor | Version | Tinstall | Tcheck | Ttotal | Status | Flags |
---|---|---|---|---|---|---|
r-devel-linux-x86_64-debian-clang | 1.2.0 | 11.98 | 102.33 | 114.31 | NOTE | |
r-devel-linux-x86_64-debian-gcc | 1.2.0 | 10.07 | 77.09 | 87.16 | NOTE | |
r-devel-linux-x86_64-fedora-clang | 1.2.0 | 141.75 | NOTE | |||
r-devel-linux-x86_64-fedora-gcc | 1.2.0 | 140.77 | NOTE | |||
r-devel-windows-x86_64 | 1.2.0 | 17.00 | 123.00 | 140.00 | NOTE | |
r-patched-linux-x86_64 | 1.2.0 | 19.05 | 99.01 | 118.06 | NOTE | |
r-release-linux-x86_64 | 1.2.0 | 8.94 | 99.10 | 108.04 | NOTE | |
r-release-macos-arm64 | 1.2.0 | 38.00 | NOTE | |||
r-release-macos-x86_64 | 1.2.0 | 68.00 | NOTE | |||
r-release-windows-x86_64 | 1.2.0 | 25.00 | 119.00 | 144.00 | NOTE | |
r-oldrel-macos-arm64 | 1.2.0 | 44.00 | NOTE | |||
r-oldrel-macos-x86_64 | 1.2.0 | 69.00 | NOTE | |||
r-oldrel-windows-ix86+x86_64 | 1.2.0 | 29.00 | 125.00 | 154.00 | NOTE |
Version: 1.2.0
Check: LazyData
Result: NOTE
'LazyData' is specified without a 'data' directory
Flavors: r-devel-linux-x86_64-debian-clang, r-devel-linux-x86_64-debian-gcc, r-devel-linux-x86_64-fedora-clang, r-devel-linux-x86_64-fedora-gcc, r-devel-windows-x86_64, r-patched-linux-x86_64, r-release-linux-x86_64, r-release-macos-arm64, r-release-macos-x86_64, r-release-windows-x86_64, r-oldrel-macos-arm64, r-oldrel-macos-x86_64, r-oldrel-windows-ix86+x86_64