Last updated on 2024-04-19 11:56:41 CEST.
Flavor | Version | Tinstall | Tcheck | Ttotal | Status | Flags |
---|---|---|---|---|---|---|
r-devel-linux-x86_64-debian-clang | 0.5.1 | 115.84 | 175.64 | 291.48 | OK | |
r-devel-linux-x86_64-debian-gcc | 0.5.1 | OK | ||||
r-devel-linux-x86_64-fedora-clang | 0.5.1 | 402.37 | NOTE | |||
r-devel-linux-x86_64-fedora-gcc | 0.5.1 | 411.25 | NOTE | |||
r-prerel-macos-arm64 | 0.5.1 | 87.00 | OK | |||
r-prerel-windows-x86_64 | 0.5.1 | 91.00 | 171.00 | 262.00 | OK | |
r-patched-linux-x86_64 | 0.5.1 | 127.04 | 167.26 | 294.30 | OK | |
r-release-linux-x86_64 | 0.5.1 | 102.60 | 172.80 | 275.40 | OK | |
r-release-macos-arm64 | 0.5.1 | 83.00 | OK | |||
r-release-macos-x86_64 | 0.5.1 | 211.00 | OK | |||
r-release-windows-x86_64 | 0.5.1 | 108.00 | 219.00 | 327.00 | OK | |
r-oldrel-macos-arm64 | 0.5.1 | 81.00 | OK | |||
r-oldrel-windows-x86_64 | 0.5.1 | 104.00 | 198.00 | 302.00 | OK |
Version: 0.5.1
Check: data for non-ASCII characters
Result: NOTE
Note: found 438 marked UTF-8 strings
Flavors: r-devel-linux-x86_64-fedora-clang, r-devel-linux-x86_64-fedora-gcc