Last updated on 2024-08-31 11:49:24 CEST.
Flavor | Version | Tinstall | Tcheck | Ttotal | Status | Flags |
---|---|---|---|---|---|---|
r-devel-linux-x86_64-debian-clang | 1.3.3 | 25.46 | 275.46 | 300.92 | NOTE | |
r-devel-linux-x86_64-debian-gcc | 1.3.3 | 17.48 | 178.44 | 195.92 | NOTE | |
r-devel-linux-x86_64-fedora-clang | 1.3.3 | 485.88 | NOTE | |||
r-devel-linux-x86_64-fedora-gcc | 1.3.3 | 474.27 | NOTE | |||
r-devel-windows-x86_64 | 1.3.3 | 24.00 | 232.00 | 256.00 | NOTE | |
r-patched-linux-x86_64 | 1.3.3 | 25.77 | 259.32 | 285.09 | NOTE | |
r-release-linux-x86_64 | 1.3.3 | 27.27 | 254.87 | 282.14 | NOTE | |
r-release-macos-arm64 | 1.3.3 | 113.00 | NOTE | |||
r-release-macos-x86_64 | 1.3.3 | 199.00 | NOTE | |||
r-release-windows-x86_64 | 1.3.3 | 26.00 | 242.00 | 268.00 | NOTE | |
r-oldrel-macos-arm64 | 1.3.3 | 123.00 | OK | |||
r-oldrel-macos-x86_64 | 1.3.3 | 222.00 | OK | |||
r-oldrel-windows-x86_64 | 1.3.3 | 36.00 | 298.00 | 334.00 | OK |
Version: 1.3.3
Check: Rd files
Result: NOTE
checkRd: (-1) getSurface.Rd:22: Lost braces
22 | value \code{getSurface} shortens the output of \code{conv} to remove artificial surface layers. The output is thus a subset of the input, and identical in structure to the /code{conv} output.
| ^
Flavors: r-devel-linux-x86_64-debian-clang, r-devel-linux-x86_64-debian-gcc, r-devel-linux-x86_64-fedora-clang, r-devel-linux-x86_64-fedora-gcc, r-devel-windows-x86_64, r-patched-linux-x86_64, r-release-linux-x86_64, r-release-macos-arm64, r-release-macos-x86_64, r-release-windows-x86_64