CRAN Package Check Results for Package cord

Last updated on 2022-07-07 12:55:21 CEST.

Flavor Version Tinstall Tcheck Ttotal Status Flags
r-devel-linux-x86_64-debian-clang 0.1.1 43.23 27.08 70.31 OK
r-devel-linux-x86_64-debian-gcc 0.1.1 30.74 20.94 51.68 OK
r-devel-linux-x86_64-fedora-clang 0.1.1 110.35 NOTE
r-devel-linux-x86_64-fedora-gcc 0.1.1 97.95 NOTE
r-devel-windows-x86_64 0.1.1 44.00 70.00 114.00 OK
r-patched-linux-x86_64 0.1.1 37.51 26.59 64.10 OK
r-release-linux-x86_64 0.1.1 34.32 26.39 60.71 OK
r-release-macos-arm64 0.1.1 26.00 OK
r-release-macos-x86_64 0.1.1 35.00 OK
r-release-windows-x86_64 0.1.1 36.00 72.00 108.00 OK
r-oldrel-macos-arm64 0.1.1 31.00 OK
r-oldrel-macos-x86_64 0.1.1 56.00 OK
r-oldrel-windows-ix86+x86_64 0.1.1 107.00 67.00 174.00 OK

Check Details

Version: 0.1.1
Check: compiled code
Result: NOTE
    File ‘cord/libs/cord.so’:
     Found no calls to: ‘R_registerRoutines’, ‘R_useDynamicSymbols’
    
    It is good practice to register native routines and to disable symbol
    search.
    
    See ‘Writing portable packages’ in the ‘Writing R Extensions’ manual.
Flavors: r-devel-linux-x86_64-fedora-clang, r-devel-linux-x86_64-fedora-gcc