Last updated on 2024-04-25 07:59:48 CEST.
Flavor | Version | Tinstall | Tcheck | Ttotal | Status | Flags |
---|---|---|---|---|---|---|
r-devel-linux-x86_64-debian-clang | 1.2.0 | 19.36 | 166.79 | 186.15 | OK | |
r-devel-linux-x86_64-debian-gcc | 1.2.0 | 15.81 | 123.42 | 139.23 | OK | |
r-devel-linux-x86_64-fedora-clang | 1.2.0 | 247.07 | OK | |||
r-devel-linux-x86_64-fedora-gcc | 1.2.0 | 247.45 | OK | |||
r-devel-windows-x86_64 | 1.2.0 | 17.00 | 132.00 | 149.00 | OK | |
r-patched-linux-x86_64 | 1.2.0 | 16.84 | 159.05 | 175.89 | OK | |
r-release-linux-x86_64 | 1.2.0 | 20.43 | 173.96 | 194.39 | OK | |
r-release-macos-arm64 | 1.2.0 | 69.00 | OK | |||
r-release-macos-x86_64 | 1.2.0 | 155.00 | OK | |||
r-release-windows-x86_64 | 1.2.0 | 17.00 | 128.00 | 145.00 | OK | |
r-oldrel-macos-arm64 | 1.2.0 | 76.00 | OK | |||
r-oldrel-macos-x86_64 | 1.2.0 | 125.00 | OK | |||
r-oldrel-windows-x86_64 | 1.2.0 | 7.00 | 6.00 | 13.00 | ERROR |
Version: 1.2.0
Check: whether package can be installed
Result: ERROR
Installation failed.
Flavor: r-oldrel-windows-x86_64