CRAN Package Check Results for Package copulareg

Last updated on 2022-07-03 11:53:35 CEST.

Flavor Version Tinstall Tcheck Ttotal Status Flags
r-devel-linux-x86_64-debian-clang 0.1.0 2.68 25.79 28.47 NOTE
r-devel-linux-x86_64-debian-gcc 0.1.0 1.38 19.95 21.33 NOTE
r-devel-linux-x86_64-fedora-clang 0.1.0 45.66 NOTE
r-devel-linux-x86_64-fedora-gcc 0.1.0 44.24 NOTE
r-devel-windows-x86_64 0.1.0 9.00 57.00 66.00 NOTE
r-patched-linux-x86_64 0.1.0 2.14 25.32 27.46 NOTE
r-release-linux-x86_64 0.1.0 2.14 25.28 27.42 NOTE
r-release-macos-arm64 0.1.0 14.00 NOTE
r-release-macos-x86_64 0.1.0 21.00 NOTE
r-release-windows-x86_64 0.1.0 11.00 50.00 61.00 NOTE
r-oldrel-macos-arm64 0.1.0 21.00 NOTE
r-oldrel-macos-x86_64 0.1.0 26.00 NOTE
r-oldrel-windows-ix86+x86_64 0.1.0 7.00 44.00 51.00 NOTE

Check Details

Version: 0.1.0
Check: LazyData
Result: NOTE
     'LazyData' is specified without a 'data' directory
Flavors: r-devel-linux-x86_64-debian-clang, r-devel-linux-x86_64-debian-gcc, r-devel-linux-x86_64-fedora-clang, r-devel-linux-x86_64-fedora-gcc, r-devel-windows-x86_64, r-patched-linux-x86_64, r-release-linux-x86_64, r-release-macos-arm64, r-release-macos-x86_64, r-release-windows-x86_64, r-oldrel-macos-arm64, r-oldrel-macos-x86_64, r-oldrel-windows-ix86+x86_64