CRAN Package Check Results for Package copulaedas

Last updated on 2022-10-05 11:52:08 CEST.

Flavor Version Tinstall Tcheck Ttotal Status Flags
r-devel-linux-x86_64-debian-clang 1.4.3 14.30 110.81 125.11 NOTE
r-devel-linux-x86_64-debian-gcc 1.4.3 11.32 82.76 94.08 NOTE
r-devel-linux-x86_64-fedora-clang 1.4.3 173.52 NOTE
r-devel-linux-x86_64-fedora-gcc 1.4.3 156.81 NOTE
r-devel-windows-x86_64 1.4.3 43.00 131.00 174.00 NOTE
r-patched-linux-x86_64 1.4.3 14.05 104.49 118.54 NOTE
r-release-linux-x86_64 1.4.3 13.91 102.80 116.71 NOTE
r-release-macos-arm64 1.4.3 44.00 NOTE
r-release-macos-x86_64 1.4.3 58.00 NOTE
r-release-windows-x86_64 1.4.3 68.00 127.00 195.00 NOTE
r-oldrel-macos-arm64 1.4.3 49.00 NOTE
r-oldrel-macos-x86_64 1.4.3 86.00 NOTE
r-oldrel-windows-ix86+x86_64 1.4.3 28.00 126.00 154.00 OK

Check Details

Version: 1.4.3
Check: package dependencies
Result: NOTE
    Packages suggested but not available for checking:
     'cec2005benchmark', 'cec2013'
Flavors: r-devel-linux-x86_64-debian-clang, r-devel-linux-x86_64-debian-gcc, r-devel-linux-x86_64-fedora-clang, r-devel-linux-x86_64-fedora-gcc, r-patched-linux-x86_64, r-release-linux-x86_64

Version: 1.4.3
Check: package dependencies
Result: NOTE
    Package suggested but not available for checking: 'cec2005benchmark'
Flavors: r-devel-windows-x86_64, r-release-macos-arm64, r-release-macos-x86_64, r-release-windows-x86_64, r-oldrel-macos-arm64, r-oldrel-macos-x86_64