CRAN Package Check Results for Package cophescan

Last updated on 2024-04-18 12:52:40 CEST.

Flavor Version Tinstall Tcheck Ttotal Status Flags
r-devel-linux-x86_64-debian-clang 1.4.0 47.92 164.81 212.73 OK
r-devel-linux-x86_64-debian-gcc 1.4.0 38.02 122.24 160.26 OK
r-devel-linux-x86_64-fedora-clang 1.4.0 277.97 OK
r-devel-linux-x86_64-fedora-gcc 1.4.0 287.55 OK
r-prerel-macos-arm64 1.4.0 80.00 NOTE
r-prerel-macos-x86_64 1.4.0 194.00 NOTE
r-prerel-windows-x86_64 1.4.0 42.00 166.00 208.00 NOTE
r-patched-linux-x86_64 1.4.0 57.01 159.07 216.08 OK
r-release-linux-x86_64 1.4.0 41.99 162.15 204.14 OK
r-release-macos-arm64 1.4.0 84.00 NOTE
r-release-macos-x86_64 1.4.0 196.00 NOTE
r-release-windows-x86_64 1.4.0 49.00 199.00 248.00 NOTE
r-oldrel-macos-arm64 1.4.0 76.00 NOTE
r-oldrel-windows-x86_64 1.4.0 48.00 193.00 241.00 NOTE

Check Details

Version: 1.4.0
Check: installed package size
Result: NOTE installed size is 6.1Mb sub-directories of 1Mb or more: data 3.5Mb libs 2.1Mb Flavors: r-prerel-macos-arm64, r-prerel-macos-x86_64, r-prerel-windows-x86_64, r-release-macos-arm64, r-release-macos-x86_64, r-release-windows-x86_64, r-oldrel-macos-arm64, r-oldrel-windows-x86_64