Last updated on 2024-04-25 07:59:48 CEST.
Flavor | Version | Tinstall | Tcheck | Ttotal | Status | Flags |
---|---|---|---|---|---|---|
r-devel-linux-x86_64-debian-clang | 2.0-4 | 40.75 | 63.29 | 104.04 | NOTE | |
r-devel-linux-x86_64-debian-gcc | 2.0-4 | 28.93 | 45.10 | 74.03 | NOTE | |
r-devel-linux-x86_64-fedora-clang | 2.0-4 | 139.41 | NOTE | |||
r-devel-linux-x86_64-fedora-gcc | 2.0-4 | 146.34 | NOTE | |||
r-devel-windows-x86_64 | 2.0-4 | 32.00 | 81.00 | 113.00 | NOTE | |
r-patched-linux-x86_64 | 2.0-4 | 41.31 | 59.81 | 101.12 | NOTE | |
r-release-linux-x86_64 | 2.0-4 | 40.25 | 60.46 | 100.71 | OK | |
r-release-macos-arm64 | 2.0-4 | 36.00 | NOTE | |||
r-release-windows-x86_64 | 2.0-4 | 31.00 | 79.00 | 110.00 | NOTE | |
r-oldrel-macos-arm64 | 2.0-4 | 39.00 | OK | |||
r-oldrel-macos-x86_64 | 2.0-4 | 57.00 | OK | |||
r-oldrel-windows-x86_64 | 2.0-4 | 43.00 | 93.00 | 136.00 | OK |
Version: 2.0-4
Check: Rd files
Result: NOTE
checkRd: (-1) copCAR.Rd:40: Lost braces
40 | item{\code{maxit}}{the maximum number of iterations to be used by \code{\link{optim}} when optimizing the objective function. Defaults to \code{1000}.}
| ^
checkRd: (-1) copCAR.Rd:40: Lost braces
40 | item{\code{maxit}}{the maximum number of iterations to be used by \code{\link{optim}} when optimizing the objective function. Defaults to \code{1000}.}
| ^
Flavors: r-devel-linux-x86_64-debian-clang, r-devel-linux-x86_64-debian-gcc, r-devel-linux-x86_64-fedora-clang, r-devel-linux-x86_64-fedora-gcc, r-devel-windows-x86_64, r-patched-linux-x86_64, r-release-macos-arm64, r-release-windows-x86_64