CRAN Package Check Results for Package convey

Last updated on 2022-06-26 11:52:29 CEST.

Flavor Version Tinstall Tcheck Ttotal Status Flags
r-devel-linux-x86_64-debian-clang 0.2.5 17.61 200.76 218.37 OK
r-devel-linux-x86_64-debian-gcc 0.2.5 12.61 154.31 166.92 OK
r-devel-linux-x86_64-fedora-clang 0.2.5 272.78 OK
r-devel-linux-x86_64-fedora-gcc 0.2.5 265.30 OK
r-devel-windows-x86_64 0.2.5 33.00 243.00 276.00 OK
r-patched-linux-x86_64 0.2.5 17.97 194.67 212.64 OK
r-release-linux-x86_64 0.2.5 15.16 194.28 209.44 OK
r-release-macos-arm64 0.2.5 70.00 OK
r-release-macos-x86_64 0.2.5 114.00 OK
r-release-windows-x86_64 0.2.5 32.00 243.00 275.00 OK
r-oldrel-macos-arm64 0.2.4 74.00 NOTE
r-oldrel-macos-x86_64 0.2.4 100.00 OK
r-oldrel-windows-ix86+x86_64 0.2.4 18.00 180.00 198.00 OK

Check Details

Version: 0.2.4
Check: package dependencies
Result: NOTE
    Package suggested but not available for checking: ‘RODBC’
Flavor: r-oldrel-macos-arm64