CRAN Package Check Results for Package convevol

Last updated on 2022-06-29 11:52:06 CEST.

Flavor Version Tinstall Tcheck Ttotal Status Flags
r-devel-linux-x86_64-debian-clang 1.3 9.66 95.74 105.40 NOTE
r-devel-linux-x86_64-debian-gcc 1.3 8.91 72.87 81.78 NOTE
r-devel-linux-x86_64-fedora-clang 1.3 137.45 NOTE
r-devel-linux-x86_64-fedora-gcc 1.3 136.26 NOTE
r-devel-windows-x86_64 1.3 18.00 114.00 132.00 NOTE
r-patched-linux-x86_64 1.3 11.50 93.31 104.81 NOTE
r-release-linux-x86_64 1.3 11.72 94.19 105.91 NOTE
r-release-macos-arm64 1.3 38.00 NOTE
r-release-macos-x86_64 1.3 71.00 NOTE
r-release-windows-x86_64 1.3 23.00 117.00 140.00 NOTE
r-oldrel-macos-arm64 1.3 45.00 NOTE
r-oldrel-macos-x86_64 1.3 78.00 NOTE
r-oldrel-windows-ix86+x86_64 1.3 24.00 117.00 141.00 NOTE

Check Details

Version: 1.3
Check: LazyData
Result: NOTE
     'LazyData' is specified without a 'data' directory
Flavors: r-devel-linux-x86_64-debian-clang, r-devel-linux-x86_64-debian-gcc, r-devel-linux-x86_64-fedora-clang, r-devel-linux-x86_64-fedora-gcc, r-devel-windows-x86_64, r-patched-linux-x86_64, r-release-linux-x86_64, r-release-macos-arm64, r-release-macos-x86_64, r-release-windows-x86_64, r-oldrel-macos-arm64, r-oldrel-macos-x86_64, r-oldrel-windows-ix86+x86_64