Last updated on 2023-12-11 11:53:28 CET.
Flavor | Version | Tinstall | Tcheck | Ttotal | Status | Flags |
---|---|---|---|---|---|---|
r-devel-linux-x86_64-debian-clang | 0.2.2 | 5.36 | 50.07 | 55.43 | OK | |
r-devel-linux-x86_64-debian-gcc | 0.2.2 | 4.98 | 38.01 | 42.99 | OK | |
r-devel-linux-x86_64-fedora-clang | 0.2.2 | 91.55 | NOTE | |||
r-devel-linux-x86_64-fedora-gcc | 0.2.2 | 93.60 | NOTE | |||
r-devel-windows-x86_64 | 0.2.2 | 7.00 | 138.00 | 145.00 | OK | |
r-patched-linux-x86_64 | 0.2.2 | 5.98 | 48.40 | 54.38 | OK | |
r-release-linux-x86_64 | 0.2.2 | 5.97 | 48.51 | 54.48 | OK | |
r-release-macos-arm64 | 0.2.2 | 32.00 | OK | |||
r-release-macos-x86_64 | 0.2.2 | 48.00 | OK | |||
r-release-windows-x86_64 | 0.2.2 | 8.00 | 69.00 | 77.00 | OK | |
r-oldrel-macos-arm64 | 0.2.2 | 30.00 | NOTE | |||
r-oldrel-macos-x86_64 | 0.2.2 | 55.00 | NOTE | |||
r-oldrel-windows-x86_64 | 0.2.2 | 8.00 | 70.00 | 78.00 | OK |
Version: 0.2.2
Check: data for non-ASCII characters
Result: NOTE
Note: found 3 marked UTF-8 strings
Flavors: r-devel-linux-x86_64-fedora-clang, r-devel-linux-x86_64-fedora-gcc, r-oldrel-macos-arm64, r-oldrel-macos-x86_64