CRAN Package Check Results for Package contingency

Last updated on 2022-10-04 11:50:08 CEST.

Flavor Version Tinstall Tcheck Ttotal Status Flags
r-devel-linux-x86_64-debian-clang 0.0.6 3.58 32.70 36.28 NOTE
r-devel-linux-x86_64-debian-gcc 0.0.6 2.70 25.46 28.16 NOTE
r-devel-linux-x86_64-fedora-clang 0.0.6 58.91 NOTE
r-devel-linux-x86_64-fedora-gcc 0.0.6 53.89 NOTE
r-devel-windows-x86_64 0.0.6 32.00 64.00 96.00 NOTE
r-patched-linux-x86_64 0.0.6 3.45 31.68 35.13 NOTE
r-release-linux-x86_64 0.0.6 2.90 31.21 34.11 NOTE
r-release-macos-arm64 0.0.6 17.00 NOTE
r-release-macos-x86_64 0.0.6 25.00 NOTE
r-release-windows-x86_64 0.0.6 30.00 59.00 89.00 NOTE
r-oldrel-macos-arm64 0.0.6 23.00 NOTE
r-oldrel-macos-x86_64 0.0.6 26.00 NOTE
r-oldrel-windows-ix86+x86_64 0.0.6 7.00 57.00 64.00 NOTE

Check Details

Version: 0.0.6
Check: LazyData
Result: NOTE
     'LazyData' is specified without a 'data' directory
Flavors: r-devel-linux-x86_64-debian-clang, r-devel-linux-x86_64-debian-gcc, r-devel-linux-x86_64-fedora-clang, r-devel-linux-x86_64-fedora-gcc, r-devel-windows-x86_64, r-patched-linux-x86_64, r-release-linux-x86_64, r-release-macos-arm64, r-release-macos-x86_64, r-release-windows-x86_64, r-oldrel-macos-arm64, r-oldrel-macos-x86_64, r-oldrel-windows-ix86+x86_64