Last updated on 2023-10-01 12:00:33 CEST.
Flavor | Version | Tinstall | Tcheck | Ttotal | Status | Flags |
---|---|---|---|---|---|---|
r-devel-linux-x86_64-debian-clang | 1.2.1 | 4.68 | 327.73 | 332.41 | OK | |
r-devel-linux-x86_64-debian-gcc | 1.2.1 | 3.27 | 241.76 | 245.03 | OK | |
r-devel-linux-x86_64-fedora-clang | 1.2.1 | 392.05 | NOTE | |||
r-devel-linux-x86_64-fedora-gcc | 1.2.1 | 383.37 | OK | |||
r-devel-windows-x86_64 | 1.2.1 | 5.00 | 72.00 | 77.00 | OK | |
r-patched-linux-x86_64 | 1.2.1 | 3.95 | 308.27 | 312.22 | OK | |
r-release-linux-x86_64 | 1.2.1 | 3.45 | 316.12 | 319.57 | OK | |
r-release-macos-arm64 | 1.2.1 | 102.00 | OK | |||
r-release-macos-x86_64 | 1.2.1 | 357.00 | OK | |||
r-release-windows-x86_64 | 1.2.1 | 6.00 | 86.00 | 92.00 | OK | |
r-oldrel-macos-arm64 | 1.2.1 | 135.00 | OK | |||
r-oldrel-macos-x86_64 | 1.2.1 | 159.00 | OK | |||
r-oldrel-windows-x86_64 | 1.2.1 | 7.00 | 89.00 | 96.00 | OK |
Version: 1.2.1
Check: Rd cross-references
Result: NOTE
Undeclared package ‘ggplot2’ in Rd xrefs
Flavor: r-devel-linux-x86_64-fedora-clang