Last updated on 2022-07-01 11:51:57 CEST.
Flavor | Version | Tinstall | Tcheck | Ttotal | Status | Flags |
---|---|---|---|---|---|---|
r-devel-linux-x86_64-debian-clang | 0.9.96 | 29.96 | 132.14 | 162.10 | NOTE | |
r-devel-linux-x86_64-debian-gcc | 0.9.96 | 21.53 | 96.19 | 117.72 | NOTE | |
r-devel-linux-x86_64-fedora-clang | 0.9.96 | 208.07 | NOTE | |||
r-devel-linux-x86_64-fedora-gcc | 0.9.96 | 198.21 | NOTE | |||
r-devel-windows-x86_64 | 0.9.96 | 127.00 | 195.00 | 322.00 | NOTE | |
r-patched-linux-x86_64 | 0.9.96 | 26.75 | 125.02 | 151.77 | OK | |
r-release-linux-x86_64 | 0.9.96 | 21.06 | 124.83 | 145.89 | OK | |
r-release-macos-arm64 | 0.9.96 | 54.00 | OK | |||
r-release-macos-x86_64 | 0.9.96 | 119.00 | OK | |||
r-release-windows-x86_64 | 0.9.96 | 151.00 | 197.00 | 348.00 | OK | |
r-oldrel-macos-arm64 | 0.9.96 | 59.00 | OK | |||
r-oldrel-macos-x86_64 | 0.9.96 | 80.00 | OK | |||
r-oldrel-windows-ix86+x86_64 | 0.9.96 | 71.00 | 233.00 | 304.00 | OK |
Version: 0.9.96
Check: Rd files
Result: NOTE
checkRd: (-1) plotMCC.Rd:19: Escaped LaTeX specials: \_
Flavors: r-devel-linux-x86_64-debian-clang, r-devel-linux-x86_64-debian-gcc, r-devel-linux-x86_64-fedora-clang, r-devel-linux-x86_64-fedora-gcc, r-devel-windows-x86_64