Last updated on 2022-06-27 11:50:40 CEST.
Flavor | Version | Tinstall | Tcheck | Ttotal | Status | Flags |
---|---|---|---|---|---|---|
r-devel-linux-x86_64-debian-clang | 1.3.0 | 221.90 | 82.40 | 304.30 | OK | |
r-devel-linux-x86_64-debian-gcc | 1.3.0 | 163.11 | 64.97 | 228.08 | OK | |
r-devel-linux-x86_64-fedora-clang | 1.3.0 | 454.03 | NOTE | |||
r-devel-linux-x86_64-fedora-gcc | 1.3.0 | 391.31 | OK | |||
r-devel-windows-x86_64 | 1.3.0 | 148.00 | 136.00 | 284.00 | OK | |
r-patched-linux-x86_64 | 1.3.0 | 170.89 | 79.91 | 250.80 | OK | |
r-release-linux-x86_64 | 1.3.0 | 177.47 | 79.96 | 257.43 | OK | |
r-release-macos-arm64 | 1.3.0 | 98.00 | NOTE | |||
r-release-macos-x86_64 | 1.3.0 | 124.00 | NOTE | |||
r-release-windows-x86_64 | 1.3.0 | 148.00 | 133.00 | 281.00 | OK | |
r-oldrel-macos-arm64 | 1.3.0 | 99.00 | NOTE | |||
r-oldrel-macos-x86_64 | 1.3.0 | 118.00 | NOTE | |||
r-oldrel-windows-ix86+x86_64 | 1.3.0 | 453.00 | 155.00 | 608.00 | NOTE |
Version: 1.3.0
Check: installed package size
Result: NOTE
installed size is 12.2Mb
sub-directories of 1Mb or more:
libs 12.0Mb
Flavors: r-devel-linux-x86_64-fedora-clang, r-release-macos-arm64, r-release-macos-x86_64, r-oldrel-macos-arm64, r-oldrel-macos-x86_64, r-oldrel-windows-ix86+x86_64