CRAN Package Check Results for Package conogive

Last updated on 2025-05-03 10:50:00 CEST.

Flavor Version Tinstall Tcheck Ttotal Status Flags
r-devel-linux-x86_64-debian-clang 1.0.0 1.72 27.09 28.81 NOTE
r-devel-linux-x86_64-debian-gcc 1.0.0 1.58 21.20 22.78 NOTE
r-devel-linux-x86_64-fedora-clang 1.0.0 42.67 OK
r-devel-linux-x86_64-fedora-gcc 1.0.0 41.54 OK
r-devel-windows-x86_64 1.0.0 3.00 47.00 50.00 OK
r-patched-linux-x86_64 1.0.0 1.70 23.81 25.51 OK
r-release-linux-x86_64 OK
r-release-macos-arm64 1.0.0 18.00 OK
r-release-macos-x86_64 1.0.0 30.00 OK
r-release-windows-x86_64 1.0.0 3.00 45.00 48.00 OK
r-oldrel-macos-arm64 1.0.0 17.00 NOTE
r-oldrel-macos-x86_64 1.0.0 32.00 NOTE
r-oldrel-windows-x86_64 1.0.0 3.00 47.00 50.00 NOTE

Check Details

Version: 1.0.0
Check: CRAN incoming feasibility
Result: NOTE Maintainer: ‘Jonas Moss <jonas.gjertsen@gmail.com>’ Package CITATION file contains call(s) to old-style citEntry(). Please use bibentry() instead. Found the following URLs which should use \doi (with the DOI name only): File ‘conogive.Rd’: https://doi.org/10.1007/978-1-4757-2691-6_15 Flavors: r-devel-linux-x86_64-debian-clang, r-devel-linux-x86_64-debian-gcc

Version: 1.0.0
Check: LazyData
Result: NOTE 'LazyData' is specified without a 'data' directory Flavors: r-oldrel-macos-arm64, r-oldrel-macos-x86_64, r-oldrel-windows-x86_64