Last updated on 2022-07-02 12:53:00 CEST.
Flavor | Version | Tinstall | Tcheck | Ttotal | Status | Flags |
---|---|---|---|---|---|---|
r-devel-linux-x86_64-debian-clang | 1.2-3.1 | 6.71 | 85.78 | 92.49 | NOTE | |
r-devel-linux-x86_64-debian-gcc | 1.2-3.1 | 7.52 | 65.19 | 72.71 | NOTE | |
r-devel-linux-x86_64-fedora-clang | 1.2-3.1 | 125.25 | NOTE | |||
r-devel-linux-x86_64-fedora-gcc | 1.2-3.1 | 125.01 | NOTE | |||
r-devel-windows-x86_64 | 1.2-3.1 | 16.00 | 117.00 | 133.00 | NOTE | |
r-patched-linux-x86_64 | 1.2-3.1 | 10.79 | 83.13 | 93.92 | OK | |
r-release-linux-x86_64 | 1.2-3.1 | 8.22 | 82.86 | 91.08 | OK | |
r-release-macos-arm64 | 1.2-3.1 | 36.00 | OK | |||
r-release-macos-x86_64 | 1.2-3.1 | 55.00 | OK | |||
r-release-windows-x86_64 | 1.2-3.1 | 17.00 | 133.00 | 150.00 | OK | |
r-oldrel-macos-arm64 | 1.2-3.1 | 53.00 | OK | |||
r-oldrel-macos-x86_64 | 1.2-3.1 | 78.00 | OK | |||
r-oldrel-windows-ix86+x86_64 | 1.2-3.1 | 19.00 | 105.00 | 124.00 | OK |
Version: 1.2-3.1
Check: Rd files
Result: NOTE
checkRd: (-1) babies.Rd:35: Escaped LaTeX specials: \&
Flavors: r-devel-linux-x86_64-debian-clang, r-devel-linux-x86_64-debian-gcc, r-devel-linux-x86_64-fedora-clang, r-devel-linux-x86_64-fedora-gcc, r-devel-windows-x86_64