Last updated on 2024-04-24 11:20:47 CEST.
Flavor | Version | Tinstall | Tcheck | Ttotal | Status | Flags |
---|---|---|---|---|---|---|
r-devel-linux-x86_64-debian-clang | 2.0.0 | 13.37 | 68.56 | 81.93 | OK | |
r-devel-linux-x86_64-debian-gcc | 2.0.0 | 10.56 | 52.05 | 62.61 | OK | |
r-devel-linux-x86_64-fedora-clang | 2.0.0 | 108.04 | NOTE | |||
r-devel-linux-x86_64-fedora-gcc | 2.0.0 | 113.80 | NOTE | |||
r-devel-windows-x86_64 | 2.0.0 | 14.00 | 86.00 | 100.00 | OK | |
r-patched-linux-x86_64 | 2.0.0 | 14.12 | 64.50 | 78.62 | OK | |
r-release-linux-x86_64 | 2.0.0 | 11.69 | 65.50 | 77.19 | OK | |
r-release-macos-arm64 | 2.0.0 | 35.00 | OK | |||
r-release-windows-x86_64 | 2.0.0 | 15.00 | 94.00 | 109.00 | OK | |
r-oldrel-macos-arm64 | 2.0.0 | 33.00 | NOTE | |||
r-oldrel-macos-x86_64 | 2.0.0 | 55.00 | OK | |||
r-oldrel-windows-x86_64 | 2.0.0 | 17.00 | 83.00 | 100.00 | OK |
Version: 2.0.0
Check: data for non-ASCII characters
Result: NOTE
Note: found 92 marked UTF-8 strings
Flavors: r-devel-linux-x86_64-fedora-clang, r-devel-linux-x86_64-fedora-gcc, r-oldrel-macos-arm64