CRAN Package Check Results for Package concordance

Last updated on 2023-01-27 11:49:24 CET.

Flavor Version Tinstall Tcheck Ttotal Status Flags
r-devel-linux-x86_64-debian-clang 2.0.0 12.53 77.03 89.56 OK
r-devel-linux-x86_64-debian-gcc 2.0.0 11.73 57.07 68.80 OK
r-devel-linux-x86_64-fedora-clang 2.0.0 112.41 NOTE
r-devel-linux-x86_64-fedora-gcc 2.0.0 109.94 NOTE
r-devel-windows-x86_64 2.0.0 87.00 122.00 209.00 OK
r-patched-linux-x86_64 2.0.0 14.27 70.73 85.00 OK
r-release-linux-x86_64 2.0.0 12.59 71.27 83.86 OK
r-release-macos-arm64 2.0.0 33.00 NOTE
r-release-macos-x86_64 2.0.0 69.00 NOTE
r-release-windows-x86_64 2.0.0 65.00 108.00 173.00 OK
r-oldrel-macos-arm64 2.0.0 39.00 NOTE
r-oldrel-macos-x86_64 2.0.0 57.00 NOTE
r-oldrel-windows-ix86+x86_64 2.0.0 27.00 96.00 123.00 OK

Check Details

Version: 2.0.0
Check: data for non-ASCII characters
Result: NOTE
     Note: found 92 marked UTF-8 strings
Flavors: r-devel-linux-x86_64-fedora-clang, r-devel-linux-x86_64-fedora-gcc, r-release-macos-arm64, r-release-macos-x86_64, r-oldrel-macos-arm64, r-oldrel-macos-x86_64