CRAN Package Check Results for Package concatenate

Last updated on 2022-08-14 11:52:57 CEST.

Flavor Version Tinstall Tcheck Ttotal Status Flags
r-devel-linux-x86_64-debian-clang 1.0.0 1.48 25.00 26.48 NOTE
r-devel-linux-x86_64-debian-gcc 1.0.0 1.65 19.84 21.49 NOTE
r-devel-linux-x86_64-fedora-clang 1.0.0 44.81 NOTE
r-devel-linux-x86_64-fedora-gcc 1.0.0 43.03 NOTE
r-devel-windows-x86_64 1.0.0 5.00 50.00 55.00 NOTE
r-patched-linux-x86_64 1.0.0 1.81 24.84 26.65 NOTE
r-release-linux-x86_64 1.0.0 1.73 24.87 26.60 NOTE
r-release-macos-arm64 1.0.0 15.00 NOTE
r-release-macos-x86_64 1.0.0 24.00 NOTE
r-release-windows-x86_64 1.0.0 17.00 53.00 70.00 NOTE
r-oldrel-macos-arm64 1.0.0 27.00 NOTE
r-oldrel-macos-x86_64 1.0.0 28.00 NOTE
r-oldrel-windows-ix86+x86_64 1.0.0 6.00 41.00 47.00 NOTE

Check Details

Version: 1.0.0
Check: LazyData
Result: NOTE
     'LazyData' is specified without a 'data' directory
Flavors: r-devel-linux-x86_64-debian-clang, r-devel-linux-x86_64-debian-gcc, r-devel-linux-x86_64-fedora-clang, r-devel-linux-x86_64-fedora-gcc, r-devel-windows-x86_64, r-patched-linux-x86_64, r-release-linux-x86_64, r-release-macos-arm64, r-release-macos-x86_64, r-release-windows-x86_64, r-oldrel-macos-arm64, r-oldrel-macos-x86_64, r-oldrel-windows-ix86+x86_64