CRAN Package Check Results for Package con2aqi

Last updated on 2022-07-03 11:53:34 CEST.

Flavor Version Tinstall Tcheck Ttotal Status Flags
r-devel-linux-x86_64-debian-clang 0.1.0 1.88 19.92 21.80 NOTE
r-devel-linux-x86_64-debian-gcc 0.1.0 1.64 15.86 17.50 NOTE
r-devel-linux-x86_64-fedora-clang 0.1.0 37.99 NOTE
r-devel-linux-x86_64-fedora-gcc 0.1.0 37.85 NOTE
r-devel-windows-x86_64 0.1.0 8.00 44.00 52.00 NOTE
r-patched-linux-x86_64 0.1.0 2.08 19.97 22.05 NOTE
r-release-linux-x86_64 0.1.0 1.38 20.05 21.43 NOTE
r-release-macos-arm64 0.1.0 15.00 NOTE
r-release-macos-x86_64 0.1.0 19.00 NOTE
r-release-windows-x86_64 0.1.0 5.00 43.00 48.00 NOTE
r-oldrel-macos-arm64 0.1.0 22.00 NOTE
r-oldrel-macos-x86_64 0.1.0 23.00 NOTE
r-oldrel-windows-ix86+x86_64 0.1.0 4.00 26.00 30.00 NOTE

Check Details

Version: 0.1.0
Check: LazyData
Result: NOTE
     'LazyData' is specified without a 'data' directory
Flavors: r-devel-linux-x86_64-debian-clang, r-devel-linux-x86_64-debian-gcc, r-devel-linux-x86_64-fedora-clang, r-devel-linux-x86_64-fedora-gcc, r-devel-windows-x86_64, r-patched-linux-x86_64, r-release-linux-x86_64, r-release-macos-arm64, r-release-macos-x86_64, r-release-windows-x86_64, r-oldrel-macos-arm64, r-oldrel-macos-x86_64, r-oldrel-windows-ix86+x86_64