Last updated on 2022-06-28 12:52:20 CEST.
Flavor | Version | Tinstall | Tcheck | Ttotal | Status | Flags |
---|---|---|---|---|---|---|
r-devel-linux-x86_64-debian-clang | 2.0-4 | 21.94 | 228.08 | 250.02 | NOTE | |
r-devel-linux-x86_64-debian-gcc | 2.0-4 | 23.34 | 175.65 | 198.99 | NOTE | |
r-devel-linux-x86_64-fedora-clang | 2.0-4 | 315.40 | NOTE | |||
r-devel-linux-x86_64-fedora-gcc | 2.0-4 | 316.56 | NOTE | |||
r-devel-windows-x86_64 | 2.0-4 | 285.00 | 308.00 | 593.00 | NOTE | |
r-patched-linux-x86_64 | 2.0-4 | 36.80 | 217.82 | 254.62 | OK | |
r-release-linux-x86_64 | 2.0-4 | 20.66 | 217.88 | 238.54 | OK | |
r-release-macos-arm64 | 2.0-4 | 91.00 | OK | |||
r-release-macos-x86_64 | 2.0-4 | 122.00 | OK | |||
r-release-windows-x86_64 | 2.0-4 | 350.00 | 310.00 | 660.00 | OK | |
r-oldrel-macos-arm64 | 2.0-4 | 82.00 | OK | |||
r-oldrel-macos-x86_64 | 2.0-4 | 125.00 | OK | |||
r-oldrel-windows-ix86+x86_64 | 2.0-4 | 49.00 | 402.00 | 451.00 | OK |
Version: 2.0-4
Check: Rd files
Result: NOTE
checkRd: (-1) HouseholdExp.Rd:9: Escaped LaTeX specials: \$
checkRd: (-1) HouseholdExp.Rd:27: Escaped LaTeX specials: \$
checkRd: (-1) mix2compositions.Rd:28: Escaped LaTeX specials: \$
checkRd: (-1) mixRead.Rd:30: Escaped LaTeX specials: \$ \$
checkRd: (-1) mixRead.Rd:31: Escaped LaTeX specials: \$ \$
Flavors: r-devel-linux-x86_64-debian-clang, r-devel-linux-x86_64-debian-gcc, r-devel-linux-x86_64-fedora-clang, r-devel-linux-x86_64-fedora-gcc, r-devel-windows-x86_64