Last updated on 2024-03-28 09:51:39 CET.
Flavor | Version | Tinstall | Tcheck | Ttotal | Status | Flags |
---|---|---|---|---|---|---|
r-devel-linux-x86_64-debian-clang | 0.1.1 | 26.06 | 85.87 | 111.93 | NOTE | |
r-devel-linux-x86_64-debian-gcc | 0.1.1 | 18.44 | 64.47 | 82.91 | NOTE | |
r-devel-linux-x86_64-fedora-clang | 0.1.1 | 144.17 | NOTE | |||
r-devel-linux-x86_64-fedora-gcc | 0.1.1 | 150.49 | NOTE | |||
r-devel-windows-x86_64 | 0.1.1 | 21.00 | 98.00 | 119.00 | NOTE | |
r-patched-linux-x86_64 | 0.1.1 | 17.22 | 82.98 | 100.20 | NOTE | |
r-release-linux-x86_64 | 0.1.1 | 15.61 | 81.91 | 97.52 | OK | |
r-release-macos-arm64 | 0.1.1 | 53.00 | OK | |||
r-release-macos-x86_64 | 0.1.1 | 86.00 | OK | |||
r-release-windows-x86_64 | 0.1.1 | 27.00 | 116.00 | 143.00 | OK | |
r-oldrel-macos-arm64 | 0.1.1 | 41.00 | OK | |||
r-oldrel-windows-x86_64 | 0.1.1 | 25.00 | 115.00 | 140.00 | OK |
Version: 0.1.1
Check: Rd files
Result: NOTE
checkRd: (-1) keener.Rd:82: Lost braces; missing escapes or markup?
82 | a_{ij} = (S_ij + 1) / (S_ij + S_ji + 2). This step should make comparing
| ^
Flavors: r-devel-linux-x86_64-debian-clang, r-devel-linux-x86_64-debian-gcc, r-devel-linux-x86_64-fedora-clang, r-devel-linux-x86_64-fedora-gcc, r-devel-windows-x86_64, r-patched-linux-x86_64