CRAN Package Check Results for Package compas

Last updated on 2022-07-06 12:53:32 CEST.

Flavor Version Tinstall Tcheck Ttotal Status Flags
r-devel-linux-x86_64-debian-clang 0.1.1 93.81 30.31 124.12 OK
r-devel-linux-x86_64-debian-gcc 0.1.1 78.70 26.78 105.48 OK
r-devel-linux-x86_64-fedora-clang 0.1.1 192.46 NOTE
r-devel-linux-x86_64-fedora-gcc 0.1.1 180.41 OK
r-devel-windows-x86_64 0.1.1 69.00 81.00 150.00 OK
r-patched-linux-x86_64 0.1.1 86.31 33.68 119.99 OK
r-release-linux-x86_64 0.1.1 80.83 33.49 114.32 OK
r-release-macos-arm64 0.1.1 47.00 NOTE
r-release-macos-x86_64 0.1.1 62.00 NOTE
r-release-windows-x86_64 0.1.1 75.00 82.00 157.00 OK
r-oldrel-macos-arm64 0.1.1 50.00 NOTE
r-oldrel-macos-x86_64 0.1.1 70.00 NOTE
r-oldrel-windows-ix86+x86_64 0.1.1 205.00 83.00 288.00 OK

Check Details

Version: 0.1.1
Check: installed package size
Result: NOTE
     installed size is 26.2Mb
     sub-directories of 1Mb or more:
     R 1.5Mb
     libs 24.6Mb
Flavors: r-devel-linux-x86_64-fedora-clang, r-release-macos-arm64, r-release-macos-x86_64, r-oldrel-macos-arm64, r-oldrel-macos-x86_64