Last updated on 2024-04-25 07:59:48 CEST.
Flavor | Version | Tinstall | Tcheck | Ttotal | Status | Flags |
---|---|---|---|---|---|---|
r-devel-linux-x86_64-debian-clang | 0.5.0 | 8.31 | 208.51 | 216.82 | OK | |
r-devel-linux-x86_64-debian-gcc | 0.5.0 | 7.50 | 148.27 | 155.77 | OK | |
r-devel-linux-x86_64-fedora-clang | 0.5.0 | 283.35 | OK | |||
r-devel-linux-x86_64-fedora-gcc | 0.5.0 | 293.98 | OK | |||
r-devel-windows-x86_64 | 0.5.0 | 12.00 | 166.00 | 178.00 | OK | |
r-patched-linux-x86_64 | 0.5.0 | 10.48 | 203.21 | 213.69 | OK | |
r-release-linux-x86_64 | 0.5.0 | 7.76 | 197.97 | 205.73 | OK | |
r-release-macos-arm64 | 0.5.0 | 70.00 | OK | |||
r-release-windows-x86_64 | 0.5.0 | 12.00 | 164.00 | 176.00 | OK | |
r-oldrel-macos-arm64 | 0.5.0 | 66.00 | OK | |||
r-oldrel-macos-x86_64 | 0.5.0 | 103.00 | NOTE | |||
r-oldrel-windows-x86_64 | 0.5.0 | 12.00 | 201.00 | 213.00 | OK |
Version: 0.5.0
Check: package dependencies
Result: NOTE
Package suggested but not available for checking: ‘rstan’
Flavor: r-oldrel-macos-x86_64