CRAN Package Check Results for Package combinationpvalues

Last updated on 2022-06-26 11:52:29 CEST.

Flavor Version Tinstall Tcheck Ttotal Status Flags
r-devel-linux-x86_64-debian-clang 0.1.4 1.83 21.72 23.55 OK
r-devel-linux-x86_64-debian-gcc 0.1.4 1.64 17.31 18.95 OK
r-devel-linux-x86_64-fedora-clang 0.1.4 40.50 NOTE
r-devel-linux-x86_64-fedora-gcc 0.1.4 40.20 NOTE
r-devel-windows-x86_64 0.1.4 37.00 47.00 84.00 OK
r-patched-linux-x86_64 0.1.4 1.98 21.49 23.47 OK
r-release-linux-x86_64 0.1.4 1.67 21.17 22.84 OK
r-release-macos-arm64 0.1.4 15.00 NOTE
r-release-macos-x86_64 0.1.4 25.00 NOTE
r-release-windows-x86_64 0.1.4 56.00 48.00 104.00 OK
r-oldrel-macos-arm64 0.1.4 22.00 NOTE
r-oldrel-macos-x86_64 0.1.4 20.00 NOTE
r-oldrel-windows-ix86+x86_64 0.1.4 5.00 40.00 45.00 OK

Check Details

Version: 0.1.4
Check: dependencies in R code
Result: NOTE
    Namespaces in Imports field not imported from:
     ‘chi’ ‘dplyr’ ‘spatstat.utils’ ‘utils’
     All declared Imports should be used.
Flavors: r-devel-linux-x86_64-fedora-clang, r-devel-linux-x86_64-fedora-gcc, r-release-macos-arm64, r-release-macos-x86_64, r-oldrel-macos-arm64, r-oldrel-macos-x86_64