CRAN Package Check Results for Package comFuncs

Last updated on 2022-07-01 11:51:57 CEST.

Flavor Version Tinstall Tcheck Ttotal Status Flags
r-devel-linux-x86_64-debian-clang 0.0.5 2.13 22.84 24.97 NOTE
r-devel-linux-x86_64-debian-gcc 0.0.5 1.80 17.66 19.46 NOTE
r-devel-linux-x86_64-fedora-clang 0.0.5 41.04 NOTE
r-devel-linux-x86_64-fedora-gcc 0.0.5 40.42 NOTE
r-devel-windows-x86_64 0.0.5 13.00 50.00 63.00 NOTE
r-patched-linux-x86_64 0.0.5 1.52 21.71 23.23 NOTE
r-release-linux-x86_64 0.0.5 2.29 21.49 23.78 NOTE
r-release-macos-arm64 0.0.5 14.00 NOTE
r-release-macos-x86_64 0.0.5 27.00 NOTE
r-release-windows-x86_64 0.0.5 10.00 47.00 57.00 NOTE
r-oldrel-macos-arm64 0.0.5 21.00 NOTE
r-oldrel-macos-x86_64 0.0.5 27.00 NOTE
r-oldrel-windows-ix86+x86_64 0.0.5 7.00 39.00 46.00 NOTE

Check Details

Version: 0.0.5
Check: LazyData
Result: NOTE
     'LazyData' is specified without a 'data' directory
Flavors: r-devel-linux-x86_64-debian-clang, r-devel-linux-x86_64-debian-gcc, r-devel-linux-x86_64-fedora-clang, r-devel-linux-x86_64-fedora-gcc, r-devel-windows-x86_64, r-patched-linux-x86_64, r-release-linux-x86_64, r-release-macos-arm64, r-release-macos-x86_64, r-release-windows-x86_64, r-oldrel-macos-arm64, r-oldrel-macos-x86_64, r-oldrel-windows-ix86+x86_64

Version: 0.0.5
Check: dependencies in R code
Result: NOTE
    Namespace in Imports field not imported from: ‘rstudioapi’
     All declared Imports should be used.
Flavors: r-devel-linux-x86_64-fedora-clang, r-devel-linux-x86_64-fedora-gcc, r-release-macos-arm64, r-release-macos-x86_64, r-oldrel-macos-arm64, r-oldrel-macos-x86_64