CRAN Package Check Results for Package colormap

Last updated on 2025-05-07 11:55:25 CEST.

Flavor Version Tinstall Tcheck Ttotal Status Flags
r-devel-linux-x86_64-debian-clang 0.1.4 2.27 28.40 30.67 OK
r-devel-linux-x86_64-debian-gcc 0.1.4 1.92 23.44 25.36 OK
r-devel-linux-x86_64-fedora-clang 0.1.4 46.29 OK
r-devel-linux-x86_64-fedora-gcc 0.1.4 46.08 OK
r-devel-windows-x86_64 0.1.4 4.00 50.00 54.00 OK
r-patched-linux-x86_64 0.1.4 2.00 27.63 29.63 OK
r-release-linux-x86_64 0.1.4 1.73 27.92 29.65 OK
r-release-macos-arm64 0.1.4 23.00 OK
r-release-macos-x86_64 0.1.4 32.00 OK
r-release-windows-x86_64 0.1.4 4.00 48.00 52.00 OK
r-oldrel-macos-arm64 0.1.4 20.00 NOTE
r-oldrel-macos-x86_64 0.1.4 28.00 NOTE
r-oldrel-windows-x86_64 0.1.4 4.00 53.00 57.00 NOTE

Check Details

Version: 0.1.4
Check: LazyData
Result: NOTE 'LazyData' is specified without a 'data' directory Flavors: r-oldrel-macos-arm64, r-oldrel-macos-x86_64, r-oldrel-windows-x86_64